CRAN Package Check Results for Package odetector

Last updated on 2025-07-19 06:48:37 CEST.

Flavor Version Tinstall Tcheck Ttotal Status Flags
r-devel-linux-x86_64-debian-clang 1.0.1 2.59 41.20 43.79 NOTE
r-devel-linux-x86_64-debian-gcc 1.0.1 2.01 32.02 34.03 NOTE
r-devel-linux-x86_64-fedora-clang 1.0.1 67.31 OK
r-devel-linux-x86_64-fedora-gcc 1.0.1 80.31 OK
r-devel-windows-x86_64 1.0.1 4.00 67.00 71.00 OK
r-patched-linux-x86_64 1.0.1 2.53 38.90 41.43 OK
r-release-linux-x86_64 1.0.1 2.25 39.09 41.34 OK
r-release-macos-arm64 1.0.1 41.00 OK
r-release-macos-x86_64 1.0.1 52.00 OK
r-release-windows-x86_64 1.0.1 4.00 62.00 66.00 OK
r-oldrel-macos-arm64 1.0.1 28.00 OK
r-oldrel-macos-x86_64 1.0.1 45.00 OK
r-oldrel-windows-x86_64 1.0.1 4.00 74.00 78.00 OK

Check Details

Version: 1.0.1
Check: CRAN incoming feasibility
Result: NOTE Maintainer: ‘Zeynel Cebeci <zcebeci@cukurova.edu.tr>’ Package CITATION file contains call(s) to old-style personList() or as.personList(). Please use c() on person objects instead. Package CITATION file contains call(s) to old-style citEntry(). Please use bibentry() instead. Flavors: r-devel-linux-x86_64-debian-clang, r-devel-linux-x86_64-debian-gcc