CRAN Package Check Results for Package ohoegdm

Last updated on 2025-04-15 06:51:50 CEST.

Flavor Version Tinstall Tcheck Ttotal Status Flags
r-devel-linux-x86_64-debian-clang 0.1.0 28.92 23.30 52.22 NOTE
r-devel-linux-x86_64-debian-gcc 0.1.0 23.09 19.53 42.62 NOTE
r-devel-linux-x86_64-fedora-clang 0.1.0 94.71 NOTE
r-devel-linux-x86_64-fedora-gcc 0.1.0 99.24 NOTE
r-devel-windows-x86_64 0.1.0 35.00 65.00 100.00 NOTE
r-patched-linux-x86_64 0.1.0 29.33 22.84 52.17 NOTE
r-release-linux-x86_64 0.1.0 31.15 22.82 53.97 NOTE
r-release-macos-arm64 0.1.0 31.00 NOTE
r-release-macos-x86_64 0.1.0 44.00 NOTE
r-release-windows-x86_64 0.1.0 35.00 65.00 100.00 NOTE
r-oldrel-macos-arm64 0.1.0 29.00 NOTE
r-oldrel-macos-x86_64 0.1.0 41.00 NOTE
r-oldrel-windows-x86_64 0.1.0 40.00 72.00 112.00 NOTE

Check Details

Version: 0.1.0
Check: C++ specification
Result: NOTE Specified C++11: please drop specification unless essential Flavors: r-devel-linux-x86_64-debian-clang, r-devel-linux-x86_64-debian-gcc, r-devel-linux-x86_64-fedora-clang, r-devel-linux-x86_64-fedora-gcc, r-devel-windows-x86_64, r-patched-linux-x86_64, r-release-linux-x86_64, r-release-macos-arm64, r-release-macos-x86_64, r-release-windows-x86_64, r-oldrel-macos-arm64, r-oldrel-macos-x86_64, r-oldrel-windows-x86_64