Last updated on 2024-07-03 18:57:43 CEST.
Flavor | Version | Tinstall | Tcheck | Ttotal | Status | Flags |
---|---|---|---|---|---|---|
r-devel-linux-x86_64-debian-clang | 0.2-7 | 3.71 | 46.74 | 50.45 | NOTE | |
r-devel-linux-x86_64-debian-gcc | 0.2-7 | 2.94 | 34.32 | 37.26 | NOTE | |
r-devel-linux-x86_64-fedora-clang | 0.2-7 | 63.35 | NOTE | |||
r-devel-linux-x86_64-fedora-gcc | 0.2-7 | 63.74 | NOTE | |||
r-devel-windows-x86_64 | 0.2-7 | 4.00 | 53.00 | 57.00 | NOTE | |
r-patched-linux-x86_64 | 0.2-7 | 3.94 | 44.64 | 48.58 | NOTE | |
r-release-linux-x86_64 | 0.2-7 | 3.81 | 44.18 | 47.99 | NOTE | |
r-release-macos-arm64 | 0.2-7 | 23.00 | NOTE | |||
r-release-macos-x86_64 | 0.2-7 | 32.00 | NOTE | |||
r-release-windows-x86_64 | 0.2-7 | 4.00 | 52.00 | 56.00 | NOTE | |
r-oldrel-macos-arm64 | 0.2-7 | 27.00 | NOTE | |||
r-oldrel-macos-x86_64 | 0.2-7 | 30.00 | NOTE | |||
r-oldrel-windows-x86_64 | 0.2-7 | 7.00 | 58.00 | 65.00 | NOTE |
Version: 0.2-7
Check: package dependencies
Result: NOTE
Package suggested but not available for checking: ‘openNLPmodels.en’
Flavors: r-devel-linux-x86_64-debian-clang, r-devel-linux-x86_64-debian-gcc, r-devel-linux-x86_64-fedora-clang, r-devel-linux-x86_64-fedora-gcc, r-devel-windows-x86_64, r-patched-linux-x86_64, r-release-linux-x86_64, r-release-macos-arm64, r-release-macos-x86_64, r-release-windows-x86_64, r-oldrel-macos-arm64, r-oldrel-macos-x86_64, r-oldrel-windows-x86_64