Last updated on 2024-07-03 18:57:43 CEST.
Flavor | Version | Tinstall | Tcheck | Ttotal | Status | Flags |
---|---|---|---|---|---|---|
r-devel-linux-x86_64-debian-clang | 1.5.3-5 | 4.93 | 29.52 | 34.45 | OK | |
r-devel-linux-x86_64-debian-gcc | 1.5.3-5 | 3.78 | 21.38 | 25.16 | OK | |
r-devel-linux-x86_64-fedora-clang | 1.5.3-5 | 41.22 | NOTE | |||
r-devel-linux-x86_64-fedora-gcc | 1.5.3-5 | 40.17 | OK | |||
r-devel-windows-x86_64 | 1.5.3-5 | 4.00 | 34.00 | 38.00 | NOTE | |
r-patched-linux-x86_64 | 1.5.3-5 | 4.73 | 27.28 | 32.01 | OK | |
r-release-linux-x86_64 | 1.5.3-5 | 4.30 | 26.78 | 31.08 | OK | |
r-release-macos-arm64 | 1.5.3-5 | 18.00 | NOTE | |||
r-release-macos-x86_64 | 1.5.3-5 | 24.00 | NOTE | |||
r-release-windows-x86_64 | 1.5.3-5 | 4.00 | 32.00 | 36.00 | NOTE | |
r-oldrel-macos-arm64 | 1.5.3-5 | 24.00 | NOTE | |||
r-oldrel-macos-x86_64 | 1.5.3-5 | 40.00 | NOTE | |||
r-oldrel-windows-x86_64 | 1.5.3-5 | 6.00 | 39.00 | 45.00 | NOTE |
Version: 1.5.3-5
Check: installed package size
Result: NOTE
installed size is 7.2Mb
sub-directories of 1Mb or more:
java 1.2Mb
models 6.0Mb
Flavors: r-devel-linux-x86_64-fedora-clang, r-devel-windows-x86_64, r-release-macos-arm64, r-release-macos-x86_64, r-release-windows-x86_64, r-oldrel-macos-arm64, r-oldrel-macos-x86_64, r-oldrel-windows-x86_64