Last updated on 2024-04-19 19:50:21 CEST.
Flavor | Version | Tinstall | Tcheck | Ttotal | Status | Flags |
---|---|---|---|---|---|---|
r-devel-linux-x86_64-debian-clang | 0.1.4 | 1.81 | 20.37 | 22.18 | NOTE | |
r-devel-linux-x86_64-debian-gcc | 0.1.4 | NOTE | ||||
r-devel-linux-x86_64-fedora-clang | 0.1.4 | 28.98 | NOTE | |||
r-devel-linux-x86_64-fedora-gcc | 0.1.4 | 27.54 | NOTE | |||
r-prerel-macos-arm64 | 0.1.4 | 14.00 | NOTE | |||
r-prerel-windows-x86_64 | 0.1.4 | 3.00 | 38.00 | 41.00 | NOTE | |
r-patched-linux-x86_64 | 0.1.4 | 1.84 | 20.28 | 22.12 | NOTE | |
r-release-linux-x86_64 | 0.1.4 | 2.10 | 20.57 | 22.67 | NOTE | |
r-release-macos-arm64 | 0.1.4 | 16.00 | NOTE | |||
r-release-macos-x86_64 | 0.1.4 | 18.00 | NOTE | |||
r-release-windows-x86_64 | 0.1.4 | 4.00 | 37.00 | 41.00 | NOTE | |
r-oldrel-macos-arm64 | 0.1.4 | 15.00 | NOTE | |||
r-oldrel-windows-x86_64 | 0.1.4 | 3.00 | 43.00 | 46.00 | NOTE |
Version: 0.1.4
Check: LazyData
Result: NOTE
'LazyData' is specified without a 'data' directory
Flavors: r-devel-linux-x86_64-debian-clang, r-devel-linux-x86_64-debian-gcc, r-devel-linux-x86_64-fedora-clang, r-devel-linux-x86_64-fedora-gcc, r-prerel-macos-arm64, r-prerel-windows-x86_64, r-patched-linux-x86_64, r-release-linux-x86_64, r-release-macos-arm64, r-release-macos-x86_64, r-release-windows-x86_64, r-oldrel-macos-arm64, r-oldrel-windows-x86_64
Version: 0.1.4
Check: dependencies in R code
Result: NOTE
Namespace in Imports field not imported from: ‘dplyr’
All declared Imports should be used.
Flavors: r-devel-linux-x86_64-fedora-clang, r-devel-linux-x86_64-fedora-gcc, r-oldrel-macos-arm64