Last updated on 2024-03-28 06:01:31 CET.
Flavor | Version | Tinstall | Tcheck | Ttotal | Status | Flags |
---|---|---|---|---|---|---|
r-devel-linux-x86_64-debian-clang | 2.1.1 | 17.72 | 61.79 | 79.51 | OK | |
r-devel-linux-x86_64-debian-gcc | 2.1.1 | 11.14 | 45.93 | 57.07 | OK | |
r-devel-linux-x86_64-fedora-clang | 2.1.1 | 116.04 | OK | |||
r-devel-linux-x86_64-fedora-gcc | 2.1.1 | 119.67 | OK | |||
r-devel-windows-x86_64 | 2.1.1 | 49.00 | 120.00 | 169.00 | NOTE | |
r-patched-linux-x86_64 | 2.1.1 | 11.98 | 58.59 | 70.57 | OK | |
r-release-linux-x86_64 | 2.1.1 | 12.19 | 56.96 | 69.15 | OK | |
r-release-macos-arm64 | 2.1.1 | 128.00 | NOTE | |||
r-release-macos-x86_64 | 2.1.1 | 164.00 | NOTE | |||
r-release-windows-x86_64 | 2.1.1 | 54.00 | 137.00 | 191.00 | NOTE | |
r-oldrel-macos-arm64 | 2.1.1 | 50.00 | NOTE | |||
r-oldrel-windows-x86_64 | 2.1.1 | 44.00 | 114.00 | 158.00 | NOTE |
Version: 2.1.1
Check: installed package size
Result: NOTE
installed size is 7.8Mb
sub-directories of 1Mb or more:
doc 2.6Mb
libs 4.7Mb
Flavors: r-devel-windows-x86_64, r-release-macos-arm64, r-release-macos-x86_64, r-release-windows-x86_64, r-oldrel-macos-arm64, r-oldrel-windows-x86_64