Last updated on 2024-03-28 17:49:36 CET.
Flavor | Version | Tinstall | Tcheck | Ttotal | Status | Flags |
---|---|---|---|---|---|---|
r-devel-linux-x86_64-debian-clang | 0.10.7 | 56.35 | 262.25 | 318.60 | NOTE | |
r-devel-linux-x86_64-debian-gcc | 0.10.7 | 41.76 | 192.02 | 233.78 | NOTE | |
r-devel-linux-x86_64-fedora-clang | 0.10.7 | 448.21 | NOTE | |||
r-devel-linux-x86_64-fedora-gcc | 0.10.7 | 436.10 | NOTE | |||
r-devel-windows-x86_64 | 0.10.7 | 52.00 | 208.00 | 260.00 | NOTE | |
r-patched-linux-x86_64 | 0.10.7 | 56.11 | 246.57 | 302.68 | NOTE | |
r-release-linux-x86_64 | 0.10.7 | 53.52 | 243.72 | 297.24 | NOTE | |
r-release-macos-arm64 | 0.10.7 | 250.00 | NOTE | |||
r-release-macos-x86_64 | 0.10.7 | 379.00 | NOTE | |||
r-release-windows-x86_64 | 0.10.7 | 61.00 | 273.00 | 334.00 | NOTE | |
r-oldrel-macos-arm64 | 0.10.7 | 101.00 | NOTE | |||
r-oldrel-windows-x86_64 | 0.10.7 | 61.00 | 256.00 | 317.00 | NOTE |
Version: 0.10.7
Check: package dependencies
Result: NOTE
Package suggested but not available for checking: ‘rrelaxiv’
Flavors: r-devel-linux-x86_64-debian-clang, r-devel-linux-x86_64-debian-gcc, r-devel-linux-x86_64-fedora-clang, r-devel-linux-x86_64-fedora-gcc, r-devel-windows-x86_64, r-patched-linux-x86_64, r-release-linux-x86_64, r-release-macos-arm64, r-release-macos-x86_64, r-release-windows-x86_64, r-oldrel-macos-arm64, r-oldrel-windows-x86_64