CRAN Package Check Results for Package orsifronts

Last updated on 2025-07-21 18:53:11 CEST.

Flavor Version Tinstall Tcheck Ttotal Status Flags
r-devel-linux-x86_64-debian-clang 0.2.0 2.49 29.75 32.24 NOTE
r-devel-linux-x86_64-debian-gcc 0.2.0 2.09 24.59 26.68 NOTE
r-devel-linux-x86_64-fedora-clang 0.2.0 50.07 OK
r-devel-linux-x86_64-fedora-gcc 0.2.0 63.25 OK
r-devel-windows-x86_64 0.2.0 5.00 47.00 52.00 OK
r-patched-linux-x86_64 0.2.0 2.29 28.28 30.57 OK
r-release-linux-x86_64 0.2.0 2.35 28.49 30.84 OK
r-release-macos-arm64 0.2.0 25.00 OK
r-release-macos-x86_64 0.2.0 44.00 OK
r-release-windows-x86_64 0.2.0 3.00 49.00 52.00 OK
r-oldrel-macos-arm64 0.2.0 25.00 OK
r-oldrel-macos-x86_64 0.2.0 35.00 OK
r-oldrel-windows-x86_64 0.2.0 3.00 54.00 57.00 OK

Check Details

Version: 0.2.0
Check: CRAN incoming feasibility
Result: NOTE Maintainer: ‘Michael D. Sumner <mdsumner@gmail.com>’ Package CITATION file contains call(s) to old-style personList() or as.personList(). Please use c() on person objects instead. Package CITATION file contains call(s) to old-style citEntry(). Please use bibentry() instead. Flavors: r-devel-linux-x86_64-debian-clang, r-devel-linux-x86_64-debian-gcc