Last updated on 2024-04-23 18:51:03 CEST.
Flavor | Version | Tinstall | Tcheck | Ttotal | Status | Flags |
---|---|---|---|---|---|---|
r-devel-linux-x86_64-debian-clang | 1.0-6.1 | 6.73 | 51.38 | 58.11 | NOTE | |
r-devel-linux-x86_64-debian-gcc | 1.0-6.1 | 4.80 | 38.11 | 42.91 | NOTE | |
r-devel-linux-x86_64-fedora-clang | 1.0-6.1 | 71.82 | NOTE | |||
r-devel-linux-x86_64-fedora-gcc | 1.0-6.1 | 68.70 | NOTE | |||
r-prerel-macos-arm64 | 1.0-6.1 | 22.00 | NOTE | |||
r-prerel-windows-x86_64 | 1.0-6.1 | 7.00 | 78.00 | 85.00 | NOTE | |
r-patched-linux-x86_64 | 1.0-6.1 | 7.11 | 48.22 | 55.33 | NOTE | |
r-release-linux-x86_64 | 1.0-6.1 | 5.79 | 49.09 | 54.88 | OK | |
r-release-macos-arm64 | 1.0-6.1 | 29.00 | OK | |||
r-release-macos-x86_64 | 1.0-6.1 | 37.00 | OK | |||
r-release-windows-x86_64 | 1.0-6.1 | 6.00 | 82.00 | 88.00 | OK | |
r-oldrel-macos-arm64 | 1.0-6.1 | 25.00 | OK | |||
r-oldrel-windows-x86_64 | 1.0-6.1 | 9.00 | 85.00 | 94.00 | OK |
Version: 1.0-6.1
Check: Rd files
Result: NOTE
checkRd: (-1) polynomial.derivatives.Rd:18: Lost braces in \itemize; meant \describe ?
checkRd: (-1) polynomial.derivatives.Rd:19: Lost braces in \itemize; meant \describe ?
checkRd: (-1) polynomial.derivatives.Rd:21: Lost braces in \itemize; meant \describe ?
checkRd: (-1) polynomial.integrals.Rd:18: Lost braces in \itemize; meant \describe ?
checkRd: (-1) polynomial.integrals.Rd:19: Lost braces in \itemize; meant \describe ?
checkRd: (-1) polynomial.integrals.Rd:21: Lost braces in \itemize; meant \describe ?
Flavors: r-devel-linux-x86_64-debian-clang, r-devel-linux-x86_64-debian-gcc, r-devel-linux-x86_64-fedora-clang, r-devel-linux-x86_64-fedora-gcc, r-prerel-macos-arm64, r-prerel-windows-x86_64, r-patched-linux-x86_64