Last updated on 2024-05-21 06:59:33 CEST.
Flavor | Version | Tinstall | Tcheck | Ttotal | Status | Flags |
---|---|---|---|---|---|---|
r-devel-linux-x86_64-debian-clang | 0.1.3 | 3.38 | 35.57 | 38.95 | OK | |
r-devel-linux-x86_64-debian-gcc | 0.1.3 | 2.58 | 27.27 | 29.85 | OK | |
r-devel-linux-x86_64-fedora-clang | 0.1.3 | 51.66 | NOTE | |||
r-devel-linux-x86_64-fedora-gcc | 0.1.3 | 47.53 | NOTE | |||
r-devel-windows-x86_64 | 0.1.3 | 3.00 | 48.00 | 51.00 | OK | |
r-patched-linux-x86_64 | 0.1.3 | 3.90 | 34.80 | 38.70 | OK | |
r-release-linux-x86_64 | 0.1.3 | 3.25 | 34.85 | 38.10 | OK | |
r-release-macos-arm64 | 0.1.3 | 19.00 | OK | |||
r-release-windows-x86_64 | 0.1.3 | 4.00 | 49.00 | 53.00 | OK | |
r-oldrel-macos-arm64 | 0.1.3 | 23.00 | OK | |||
r-oldrel-macos-x86_64 | 0.1.3 | 46.00 | OK | |||
r-oldrel-windows-x86_64 | 0.1.3 | 4.00 | 51.00 | 55.00 | OK |
Version: 0.1.3
Check: data for non-ASCII characters
Result: NOTE
Note: found 5889 marked UTF-8 strings
Flavors: r-devel-linux-x86_64-fedora-clang, r-devel-linux-x86_64-fedora-gcc