Last updated on 2024-03-28 06:01:32 CET.
Flavor | Version | Tinstall | Tcheck | Ttotal | Status | Flags |
---|---|---|---|---|---|---|
r-devel-linux-x86_64-debian-clang | 0.2.5 | 124.60 | 90.76 | 215.36 | OK | |
r-devel-linux-x86_64-debian-gcc | 0.2.5 | 95.03 | 68.35 | 163.38 | OK | |
r-devel-linux-x86_64-fedora-clang | 0.2.5 | 283.04 | NOTE | |||
r-devel-linux-x86_64-fedora-gcc | 0.2.5 | 306.71 | OK | |||
r-devel-windows-x86_64 | 0.2.5 | 92.00 | 108.00 | 200.00 | NOTE | |
r-patched-linux-x86_64 | 0.2.5 | 113.57 | 84.57 | 198.14 | OK | |
r-release-linux-x86_64 | 0.2.5 | 129.18 | 85.47 | 214.65 | OK | |
r-release-macos-arm64 | 0.2.5 | 74.00 | NOTE | |||
r-release-macos-x86_64 | 0.2.5 | 93.00 | NOTE | |||
r-release-windows-x86_64 | 0.2.5 | 114.00 | 129.00 | 243.00 | NOTE | |
r-oldrel-macos-arm64 | 0.2.5 | 70.00 | NOTE | |||
r-oldrel-windows-x86_64 | 0.2.5 | 104.00 | 123.00 | 227.00 | NOTE |
Version: 0.2.5
Check: installed package size
Result: NOTE
installed size is 6.1Mb
sub-directories of 1Mb or more:
doc 5.0Mb
Flavors: r-devel-linux-x86_64-fedora-clang, r-devel-windows-x86_64, r-release-macos-arm64, r-release-macos-x86_64, r-release-windows-x86_64, r-oldrel-macos-arm64, r-oldrel-windows-x86_64