CRAN Package Check Results for Package outliers

Last updated on 2025-11-23 05:50:27 CET.

Flavor Version Tinstall Tcheck Ttotal Status Flags
r-devel-linux-x86_64-debian-clang 0.15 2.41 22.43 24.84 NOTE
r-devel-linux-x86_64-debian-gcc 0.15 1.86 17.63 19.49 NOTE
r-devel-linux-x86_64-fedora-clang 0.15 36.98 OK
r-devel-linux-x86_64-fedora-gcc 0.15 35.14 OK
r-devel-windows-x86_64 0.15 5.00 36.00 41.00 OK
r-patched-linux-x86_64 0.15 2.94 20.73 23.67 OK
r-release-linux-x86_64 0.15 2.61 20.85 23.46 OK
r-release-macos-arm64 0.15 OK
r-release-macos-x86_64 0.15 2.00 21.00 23.00 OK
r-release-windows-x86_64 0.15 4.00 36.00 40.00 OK
r-oldrel-macos-arm64 0.15 OK
r-oldrel-macos-x86_64 0.15 2.00 19.00 21.00 OK
r-oldrel-windows-x86_64 0.15 4.00 39.00 43.00 OK

Check Details

Version: 0.15
Check: CRAN incoming feasibility
Result: NOTE Maintainer: ‘Lukasz Komsta <lukasz.komsta@umlub.pl>’ No Authors@R field in DESCRIPTION. Please add one, modifying Authors@R: person(given = "Lukasz", family = "Komsta", role = c("aut", "cre"), email = "lukasz.komsta@umlub.pl") as necessary. Flavors: r-devel-linux-x86_64-debian-clang, r-devel-linux-x86_64-debian-gcc