Last updated on 2025-05-18 18:50:09 CEST.
Flavor | Version | Tinstall | Tcheck | Ttotal | Status | Flags |
---|---|---|---|---|---|---|
r-devel-linux-x86_64-debian-clang | 1.1.1 | 4.31 | 41.49 | 45.80 | ERROR | |
r-devel-linux-x86_64-debian-gcc | 1.1.1 | 2.96 | 44.54 | 47.50 | OK | |
r-devel-linux-x86_64-fedora-clang | 1.1.1 | 109.76 | OK | |||
r-devel-linux-x86_64-fedora-gcc | 1.1.1 | 121.04 | OK | |||
r-devel-windows-x86_64 | 1.1.1 | 7.00 | 98.00 | 105.00 | OK | |
r-patched-linux-x86_64 | 1.1.1 | 4.61 | 66.73 | 71.34 | OK | |
r-release-linux-x86_64 | 1.1.1 | 3.86 | 64.39 | 68.25 | OK | |
r-release-macos-arm64 | 1.1.1 | 71.00 | OK | |||
r-release-macos-x86_64 | 1.1.1 | 105.00 | OK | |||
r-release-windows-x86_64 | 1.1.1 | 5.00 | 105.00 | 110.00 | OK | |
r-oldrel-macos-arm64 | 1.1.1 | 55.00 | OK | |||
r-oldrel-macos-x86_64 | 1.1.1 | 75.00 | OK | |||
r-oldrel-windows-x86_64 | 1.1.1 | 7.00 | 110.00 | 117.00 | OK |
Version: 1.1.1
Check: re-building of vignette outputs
Result: ERROR
Error(s) in re-building vignettes:
...
--- re-building ‘basic-usage.Rmd’ using rmarkdown
trying URL 'https://c14.arch.ox.ac.uk/OxCalDistribution.zip'
Quitting from basic-usage.Rmd:23-31 [unnamed-chunk-1]
~~~~~~~~~~~~~~~~~~~~~~~~~~~~~~~~~~~~~~~~~~~~~~~~~~~~~~~~~~~~~~~~~~~~~~~~~~~~~~~~
<error/rlang_error>
Error in `invokeRestart()`:
! no 'restart' 'muffleWarning' found
---
Backtrace:
▆
1. ├─oxcAAR::quickSetupOxcal()
2. │ └─oxcAAR:::downloadOxcal(path = path)
3. │ └─base::tryCatch(...)
4. │ └─base (local) tryCatchList(expr, classes, parentenv, handlers)
5. │ └─base (local) tryCatchOne(expr, names, parentenv, handlers[[1L]])
6. │ └─value[[3L]](cond)
7. │ └─base::message(e)
8. │ ├─base::withRestarts(...)
9. │ │ └─base (local) withOneRestart(expr, restarts[[1L]])
10. │ │ └─base (local) doWithOneRestart(return(expr), restart)
11. │ └─base::signalCondition(cond)
12. └─evaluate (local) `<fn>`(`<smplWrnn>`)
13. └─base::invokeRestart("muffleWarning")
~~~~~~~~~~~~~~~~~~~~~~~~~~~~~~~~~~~~~~~~~~~~~~~~~~~~~~~~~~~~~~~~~~~~~~~~~~~~~~~~
Error: processing vignette 'basic-usage.Rmd' failed with diagnostics:
no 'restart' 'muffleWarning' found
--- failed re-building ‘basic-usage.Rmd’
SUMMARY: processing the following file failed:
‘basic-usage.Rmd’
Error: Vignette re-building failed.
Execution halted
Flavor: r-devel-linux-x86_64-debian-clang