Last updated on 2025-07-28 06:50:37 CEST.
Flavor | Version | Tinstall | Tcheck | Ttotal | Status | Flags |
---|---|---|---|---|---|---|
r-devel-linux-x86_64-debian-clang | 2.0 | 9.79 | 99.15 | 108.94 | NOTE | |
r-devel-linux-x86_64-debian-gcc | 2.0 | 7.50 | 71.94 | 79.44 | NOTE | |
r-devel-linux-x86_64-fedora-clang | 2.0 | 166.15 | OK | |||
r-devel-linux-x86_64-fedora-gcc | 2.0 | 166.66 | OK | |||
r-devel-windows-x86_64 | 2.0 | 11.00 | 116.00 | 127.00 | OK | |
r-patched-linux-x86_64 | 2.0 | 9.26 | 94.50 | 103.76 | OK | |
r-release-linux-x86_64 | 2.0 | 9.92 | 94.25 | 104.17 | OK | |
r-release-macos-arm64 | 2.0 | 48.00 | OK | |||
r-release-macos-x86_64 | 2.0 | 91.00 | OK | |||
r-release-windows-x86_64 | 2.0 | 10.00 | 110.00 | 120.00 | OK | |
r-oldrel-macos-arm64 | 2.0 | 45.00 | OK | |||
r-oldrel-macos-x86_64 | 2.0 | 74.00 | OK | |||
r-oldrel-windows-x86_64 | 2.0 | 14.00 | 140.00 | 154.00 | OK |
Version: 2.0
Check: CRAN incoming feasibility
Result: NOTE
Maintainer: ‘Joseph G Kreke <jkreke2@gmail.com>’
No Authors@R field in DESCRIPTION.
Please add one, modifying
Authors@R: c(person(given = c("Joseph", "G"),
family = "Kreke",
role = c("aut", "cre"),
email = "jkreke2@gmail.com"),
person(given = "PhD;",
family = "Harris",
role = "aut"),
person(given = c("Inc.", "Sangeet"),
family = "Khemlani",
role = "aut"),
person(given = c("PhD;", "Naval", "Research", "Laboratory.", "Greg"),
family = "Trafton",
role = "aut"),
person(given = c("PhD;", "Naval", "Research"),
family = "Laboratory.",
role = "aut"))
as necessary.
Flavors: r-devel-linux-x86_64-debian-clang, r-devel-linux-x86_64-debian-gcc