Last updated on 2024-07-03 18:57:43 CEST.
Flavor | Version | Tinstall | Tcheck | Ttotal | Status | Flags |
---|---|---|---|---|---|---|
r-devel-linux-x86_64-debian-clang | 0.1.4 | 33.28 | 53.49 | 86.77 | NOTE | |
r-devel-linux-x86_64-debian-gcc | 0.1.4 | 20.88 | 39.39 | 60.27 | NOTE | |
r-devel-linux-x86_64-fedora-clang | 0.1.4 | 116.65 | NOTE | |||
r-devel-linux-x86_64-fedora-gcc | 0.1.4 | 111.79 | NOTE | |||
r-devel-windows-x86_64 | 0.1.4 | 29.00 | 93.00 | 122.00 | NOTE | |
r-patched-linux-x86_64 | 0.1.4 | 23.84 | 51.71 | 75.55 | NOTE | |
r-release-linux-x86_64 | 0.1.4 | 22.86 | 50.91 | 73.77 | NOTE | |
r-release-macos-arm64 | 0.1.4 | 30.00 | NOTE | |||
r-release-macos-x86_64 | 0.1.4 | 45.00 | NOTE | |||
r-release-windows-x86_64 | 0.1.4 | 28.00 | 88.00 | 116.00 | NOTE | |
r-oldrel-macos-arm64 | 0.1.4 | 34.00 | OK | |||
r-oldrel-macos-x86_64 | 0.1.4 | 62.00 | OK | |||
r-oldrel-windows-x86_64 | 0.1.4 | 34.00 | 101.00 | 135.00 | OK |
Version: 0.1.4
Check: Rd files
Result: NOTE
checkRd: (-1) DTV.Rd:20: Lost braces in \itemize; \value handles \item{}{} directly
checkRd: (-1) DTV.Rd:21: Lost braces in \itemize; \value handles \item{}{} directly
checkRd: (-1) DTV.Rd:22: Lost braces in \itemize; \value handles \item{}{} directly
checkRd: (-1) DTV.Rd:23: Lost braces in \itemize; \value handles \item{}{} directly
checkRd: (-1) DTV.Rd:24: Lost braces in \itemize; \value handles \item{}{} directly
Flavors: r-devel-linux-x86_64-debian-clang, r-devel-linux-x86_64-debian-gcc, r-devel-linux-x86_64-fedora-clang, r-devel-linux-x86_64-fedora-gcc, r-devel-windows-x86_64, r-patched-linux-x86_64, r-release-linux-x86_64, r-release-macos-arm64, r-release-macos-x86_64, r-release-windows-x86_64