Last updated on 2025-07-27 06:49:34 CEST.
Flavor | Version | Tinstall | Tcheck | Ttotal | Status | Flags |
---|---|---|---|---|---|---|
r-devel-linux-x86_64-debian-clang | 0.1.3 | 5.14 | 41.77 | 46.91 | NOTE | |
r-devel-linux-x86_64-debian-gcc | 0.1.3 | 3.17 | 31.64 | 34.81 | NOTE | |
r-devel-linux-x86_64-fedora-clang | 0.1.3 | 70.79 | NOTE | |||
r-devel-linux-x86_64-fedora-gcc | 0.1.3 | 68.34 | NOTE | |||
r-devel-windows-x86_64 | 0.1.3 | 9.00 | 65.00 | 74.00 | NOTE | |
r-patched-linux-x86_64 | 0.1.3 | 4.91 | 38.02 | 42.93 | NOTE | |
r-release-linux-x86_64 | 0.1.3 | 4.92 | 38.14 | 43.06 | NOTE | |
r-release-macos-arm64 | 0.1.3 | 24.00 | NOTE | |||
r-release-macos-x86_64 | 0.1.3 | 45.00 | NOTE | |||
r-release-windows-x86_64 | 0.1.3 | 8.00 | 65.00 | 73.00 | NOTE | |
r-oldrel-macos-arm64 | 0.1.3 | 26.00 | NOTE | |||
r-oldrel-macos-x86_64 | 0.1.3 | 35.00 | NOTE | |||
r-oldrel-windows-x86_64 | 0.1.3 | 10.00 | 76.00 | 86.00 | NOTE |
Version: 0.1.3
Check: package subdirectories
Result: NOTE
Problems with news in ‘NEWS.md’:
Cannot extract version info from the following section titles:
Changes
Flavors: r-devel-linux-x86_64-debian-clang, r-devel-linux-x86_64-debian-gcc, r-devel-linux-x86_64-fedora-clang, r-devel-linux-x86_64-fedora-gcc, r-devel-windows-x86_64, r-patched-linux-x86_64, r-release-linux-x86_64, r-release-macos-arm64, r-release-macos-x86_64, r-release-windows-x86_64, r-oldrel-macos-arm64, r-oldrel-macos-x86_64, r-oldrel-windows-x86_64