Last updated on 2025-11-23 05:50:27 CET.
| Flavor | Version | Tinstall | Tcheck | Ttotal | Status | Flags |
|---|---|---|---|---|---|---|
| r-devel-linux-x86_64-debian-clang | 1.0 | 3.04 | 32.95 | 35.99 | OK | |
| r-devel-linux-x86_64-debian-gcc | 1.0 | 2.23 | 26.12 | 28.35 | OK | |
| r-devel-linux-x86_64-fedora-clang | 1.0 | 56.37 | OK | |||
| r-devel-linux-x86_64-fedora-gcc | 1.0 | 70.71 | OK | |||
| r-devel-windows-x86_64 | 1.0 | 8.00 | 54.00 | 62.00 | OK | |
| r-patched-linux-x86_64 | 1.0 | 3.01 | 31.87 | 34.88 | OK | |
| r-release-linux-x86_64 | 1.0 | 3.22 | 31.83 | 35.05 | OK | |
| r-release-macos-arm64 | 1.0 | OK | ||||
| r-release-macos-x86_64 | 1.0 | 3.00 | 49.00 | 52.00 | OK | |
| r-release-windows-x86_64 | 1.0 | 6.00 | 55.00 | 61.00 | OK | |
| r-oldrel-macos-arm64 | 1.0 | NOTE | ||||
| r-oldrel-macos-x86_64 | 1.0 | 3.00 | 37.00 | 40.00 | NOTE | |
| r-oldrel-windows-x86_64 | 1.0 | 7.00 | 61.00 | 68.00 | NOTE |
Version: 1.0
Check: LazyData
Result: NOTE
'LazyData' is specified without a 'data' directory
Flavors: r-oldrel-macos-arm64, r-oldrel-macos-x86_64, r-oldrel-windows-x86_64