Last updated on 2024-07-03 18:57:43 CEST.
Flavor | Version | Tinstall | Tcheck | Ttotal | Status | Flags |
---|---|---|---|---|---|---|
r-devel-linux-x86_64-debian-clang | 1.57 | 8.76 | 83.78 | 92.54 | OK | |
r-devel-linux-x86_64-debian-gcc | 1.57 | 8.07 | 62.13 | 70.20 | OK | |
r-devel-linux-x86_64-fedora-clang | 1.57 | 123.79 | OK | |||
r-devel-linux-x86_64-fedora-gcc | 1.57 | 109.96 | OK | |||
r-devel-windows-x86_64 | 1.56.2.1 | 13.00 | 81.00 | 94.00 | OK | |
r-patched-linux-x86_64 | 1.56.2 | 10.32 | 80.65 | 90.97 | WARN | |
r-release-linux-x86_64 | 1.56.2.1 | 8.15 | 78.78 | 86.93 | OK | |
r-release-macos-arm64 | 1.57 | 39.00 | OK | |||
r-release-macos-x86_64 | 1.57 | 94.00 | OK | |||
r-release-windows-x86_64 | 1.57 | 9.00 | 82.00 | 91.00 | OK | |
r-oldrel-macos-arm64 | 1.57 | 60.00 | OK | |||
r-oldrel-macos-x86_64 | 1.57 | 110.00 | OK | |||
r-oldrel-windows-x86_64 | 1.57 | 13.00 | 99.00 | 112.00 | OK |
Version: 1.56.2
Check: whether package can be installed
Result: WARN
Found the following significant warnings:
Warning: Fortran 2018 deleted feature: DO termination statement which is not END DO or CONTINUE with label 20 at (1)
Warning: Fortran 2018 deleted feature: DO termination statement which is not END DO or CONTINUE with label 35 at (1)
See ‘/home/hornik/tmp/R.check/r-patched-gcc/Work/PKGS/pamr.Rcheck/00install.out’ for details.
* used Fortran compiler: ‘GNU Fortran (Debian 13.3.0-1) 13.3.0’
Flavor: r-patched-linux-x86_64