Last updated on 2025-04-16 06:50:11 CEST.
Flavor | Version | Tinstall | Tcheck | Ttotal | Status | Flags |
---|---|---|---|---|---|---|
r-devel-linux-x86_64-debian-clang | 1.4.3 | 150.83 | 30.68 | 181.51 | OK | |
r-devel-linux-x86_64-debian-gcc | 1.4.3 | 117.86 | 23.37 | 141.23 | OK | |
r-devel-linux-x86_64-fedora-clang | 1.4.3 | 358.54 | OK | |||
r-devel-linux-x86_64-fedora-gcc | 1.4.3 | 463.17 | OK | |||
r-devel-windows-x86_64 | 1.4.3 | 167.00 | 84.00 | 251.00 | OK | |
r-patched-linux-x86_64 | 1.4.3 | 165.28 | 29.50 | 194.78 | OK | |
r-release-linux-x86_64 | 1.4.3 | 164.63 | 29.95 | 194.58 | OK | |
r-release-macos-arm64 | 1.4.3 | 91.00 | OK | |||
r-release-macos-x86_64 | 1.4.3 | 116.00 | OK | |||
r-release-windows-x86_64 | 1.4.3 | 175.00 | 87.00 | 262.00 | OK | |
r-oldrel-macos-arm64 | 1.4.3 | 110.00 | NOTE | |||
r-oldrel-macos-x86_64 | 1.4.3 | 170.00 | NOTE | |||
r-oldrel-windows-x86_64 | 1.4.3 | 153.00 | 102.00 | 255.00 | OK |
Version: 1.4.3
Check: installed package size
Result: NOTE
installed size is 16.5Mb
sub-directories of 1Mb or more:
libs 16.1Mb
Flavors: r-oldrel-macos-arm64, r-oldrel-macos-x86_64