Last updated on 2025-07-27 06:49:34 CEST.
Flavor | Version | Tinstall | Tcheck | Ttotal | Status | Flags |
---|---|---|---|---|---|---|
r-devel-linux-x86_64-debian-clang | 0.1.0 | 9.52 | 95.19 | 104.71 | OK | |
r-devel-linux-x86_64-debian-gcc | 0.1.0 | 7.22 | 67.17 | 74.39 | OK | |
r-devel-linux-x86_64-fedora-clang | 0.1.0 | 158.12 | NOTE | |||
r-devel-linux-x86_64-fedora-gcc | 0.1.0 | 178.01 | NOTE | |||
r-devel-windows-x86_64 | 0.1.0 | 12.00 | 98.00 | 110.00 | OK | |
r-patched-linux-x86_64 | 0.1.0 | 9.51 | 87.83 | 97.34 | OK | |
r-release-linux-x86_64 | 0.1.0 | 9.37 | 88.68 | 98.05 | OK | |
r-release-macos-arm64 | 0.1.0 | 50.00 | OK | |||
r-release-macos-x86_64 | 0.1.0 | 108.00 | OK | |||
r-release-windows-x86_64 | 0.1.0 | 11.00 | 98.00 | 109.00 | OK | |
r-oldrel-macos-arm64 | 0.1.0 | 48.00 | OK | |||
r-oldrel-macos-x86_64 | 0.1.0 | 71.00 | OK | |||
r-oldrel-windows-x86_64 | 0.1.0 | 16.00 | 125.00 | 141.00 | OK |
Version: 0.1.0
Check: dependencies in R code
Result: NOTE
Namespace in Imports field not imported from: ‘flexsurv’
All declared Imports should be used.
Flavors: r-devel-linux-x86_64-fedora-clang, r-devel-linux-x86_64-fedora-gcc