Last updated on 2024-07-03 18:57:43 CEST.
Flavor | Version | Tinstall | Tcheck | Ttotal | Status | Flags |
---|---|---|---|---|---|---|
r-devel-linux-x86_64-debian-clang | 0.5-1 | 21.63 | 97.80 | 119.43 | NOTE | |
r-devel-linux-x86_64-debian-gcc | 0.5-1 | 16.22 | 74.61 | 90.83 | NOTE | |
r-devel-linux-x86_64-fedora-clang | 0.5-1 | 167.46 | WARN | |||
r-devel-linux-x86_64-fedora-gcc | 0.5-1 | 162.07 | WARN | |||
r-devel-windows-x86_64 | 0.5-1 | 60.00 | 126.00 | 186.00 | OK | |
r-patched-linux-x86_64 | 0.5-1 | 19.69 | 92.67 | 112.36 | OK | |
r-release-linux-x86_64 | 0.5-1 | 17.58 | 93.62 | 111.20 | OK | |
r-release-macos-arm64 | 0.5-1 | 12.00 | ERROR | |||
r-release-macos-x86_64 | 0.5-1 | 22.00 | ERROR | |||
r-release-windows-x86_64 | 0.5-1 | 61.00 | 128.00 | 189.00 | OK | |
r-oldrel-macos-arm64 | 0.5-1 | 16.00 | ERROR | |||
r-oldrel-macos-x86_64 | 0.5-1 | 27.00 | ERROR | |||
r-oldrel-windows-x86_64 | 0.5-1 | 59.00 | 147.00 | 206.00 | OK |
Version: 0.5-1
Check: compiled code
Result: NOTE
File ‘pbdMPI/libs/pbdMPI.so’:
Found non-API call to R: ‘Rf_isValidString’
Compiled code should not call non-API entry points in R.
See ‘Writing portable packages’ in the ‘Writing R Extensions’ manual.
See section ‘Moving into C API compliance’ in the ‘Writing R
Extensions’ manual for issues with use of non-API entry points.
Flavor: r-devel-linux-x86_64-debian-clang
Version: 0.5-1
Check: compiled code
Result: NOTE
File ‘pbdMPI/libs/pbdMPI.so’:
Found non-API call to R: ‘Rf_isValidString’
Compiled code should not call non-API entry points in R.
See ‘Writing portable packages’ in the ‘Writing R Extensions’ manual,
and section ‘Moving into C API compliance’ for issues with the use of
non-API entry points.
Flavors: r-devel-linux-x86_64-debian-gcc, r-devel-linux-x86_64-fedora-clang, r-devel-linux-x86_64-fedora-gcc
Version: 0.5-1
Check: whether the namespace can be unloaded cleanly
Result: WARN
---- unloading
Flavors: r-devel-linux-x86_64-fedora-clang, r-devel-linux-x86_64-fedora-gcc
Version: 0.5-1
Check: whether package can be installed
Result: ERROR
Installation failed.
Flavors: r-release-macos-arm64, r-release-macos-x86_64, r-oldrel-macos-arm64, r-oldrel-macos-x86_64