Last updated on 2025-11-03 17:49:57 CET.
| Flavor | Version | Tinstall | Tcheck | Ttotal | Status | Flags |
|---|---|---|---|---|---|---|
| r-devel-linux-x86_64-debian-clang | 1.5.4 | 1094.99 | 247.42 | 1342.41 | OK | |
| r-devel-linux-x86_64-debian-gcc | 1.5.4 | 974.29 | 247.41 | 1221.70 | OK | |
| r-devel-linux-x86_64-fedora-clang | 1.5.4 | 2280.00 | -306.02 | 1973.98 | NOTE | |
| r-devel-linux-x86_64-fedora-gcc | 1.5.4 | 3060.00 | -252.28 | 2807.72 | NOTE | |
| r-devel-windows-x86_64 | 1.5.4 | 1153.00 | 372.00 | 1525.00 | OK | |
| r-patched-linux-x86_64 | 1.5.4 | 1251.48 | 354.86 | 1606.34 | OK | |
| r-release-linux-x86_64 | 1.5.4 | 1325.74 | 353.61 | 1679.35 | OK | |
| r-release-macos-arm64 | 1.5.4 | 431.00 | 96.00 | 527.00 | OK | |
| r-release-macos-x86_64 | 1.5.4 | 390.00 | 276.00 | 666.00 | OK | |
| r-release-windows-x86_64 | 1.5.4 | 1143.00 | 372.00 | 1515.00 | OK | |
| r-oldrel-macos-arm64 | 1.5.4 | 224.00 | 80.00 | 304.00 | NOTE | |
| r-oldrel-macos-x86_64 | 1.5.4 | 146.00 | 116.00 | 262.00 | NOTE | |
| r-oldrel-windows-x86_64 | 1.5.4 | 1321.00 | 501.00 | 1822.00 | NOTE |
Version: 1.5.4
Check: dependencies in R code
Result: NOTE
Namespace in Imports field not imported from: ‘rstantools’
All declared Imports should be used.
Flavors: r-devel-linux-x86_64-fedora-clang, r-devel-linux-x86_64-fedora-gcc
Version: 1.5.4
Check: installed package size
Result: NOTE
installed size is 154.6Mb
sub-directories of 1Mb or more:
doc 2.9Mb
libs 151.0Mb
Flavors: r-oldrel-macos-arm64, r-oldrel-macos-x86_64, r-oldrel-windows-x86_64
Version: 1.5.4
Check: for GNU extensions in Makefiles
Result: NOTE
GNU make is a SystemRequirements.
Flavors: r-oldrel-macos-arm64, r-oldrel-macos-x86_64, r-oldrel-windows-x86_64