Last updated on 2024-04-23 06:57:07 CEST.
Flavor | Version | Tinstall | Tcheck | Ttotal | Status | Flags |
---|---|---|---|---|---|---|
r-devel-linux-x86_64-debian-clang | 2.7-11 | 122.88 | 424.48 | 547.36 | OK | |
r-devel-linux-x86_64-debian-gcc | 2.7-11 | 98.91 | 312.24 | 411.15 | OK | |
r-devel-linux-x86_64-fedora-clang | 2.7-11 | 750.37 | NOTE | |||
r-devel-linux-x86_64-fedora-gcc | 2.7-11 | 710.16 | OK | |||
r-prerel-macos-arm64 | 2.7-11 | 174.00 | NOTE | |||
r-prerel-macos-x86_64 | 2.7-11 | 467.00 | NOTE | |||
r-prerel-windows-x86_64 | 2.7-11 | 98.00 | 366.00 | 464.00 | NOTE | |
r-patched-linux-x86_64 | 2.7-11 | 120.66 | 405.47 | 526.13 | OK | |
r-release-linux-x86_64 | 2.7-11 | 123.84 | 404.39 | 528.23 | OK | |
r-release-macos-arm64 | 2.7-11 | 202.00 | NOTE | |||
r-release-macos-x86_64 | 2.7-11 | 454.00 | NOTE | |||
r-release-windows-x86_64 | 2.7-11 | 125.00 | 466.00 | 591.00 | NOTE | |
r-oldrel-macos-arm64 | 2.7-11 | 195.00 | NOTE | |||
r-oldrel-windows-x86_64 | 2.7-11 | 122.00 | 443.00 | 565.00 | NOTE |
Version: 2.7-11
Check: installed package size
Result: NOTE
installed size is 5.4Mb
sub-directories of 1Mb or more:
data 2.1Mb
Flavors: r-devel-linux-x86_64-fedora-clang, r-prerel-macos-arm64, r-prerel-macos-x86_64, r-prerel-windows-x86_64, r-release-macos-arm64, r-release-macos-x86_64, r-release-windows-x86_64, r-oldrel-macos-arm64, r-oldrel-windows-x86_64
Version: 2.7-11
Check: Rd cross-references
Result: NOTE
Undeclared packages ‘combinat’, ‘unifDAG’ in Rd xrefs
Flavor: r-devel-linux-x86_64-fedora-clang