Last updated on 2024-03-28 06:01:32 CET.
Flavor | Version | Tinstall | Tcheck | Ttotal | Status | Flags |
---|---|---|---|---|---|---|
r-devel-linux-x86_64-debian-clang | 0.2 | 18.63 | 129.14 | 147.77 | NOTE | |
r-devel-linux-x86_64-debian-gcc | 0.2 | 14.65 | 96.85 | 111.50 | NOTE | |
r-devel-linux-x86_64-fedora-clang | 0.2 | 187.16 | NOTE | |||
r-devel-linux-x86_64-fedora-gcc | 0.2 | 182.13 | NOTE | |||
r-devel-windows-x86_64 | 0.2 | 16.00 | 104.00 | 120.00 | NOTE | |
r-patched-linux-x86_64 | 0.2 | 19.34 | 125.59 | 144.93 | NOTE | |
r-release-linux-x86_64 | 0.2 | 18.52 | 126.16 | 144.68 | NOTE | |
r-release-macos-arm64 | 0.2 | 64.00 | NOTE | |||
r-release-macos-x86_64 | 0.2 | 91.00 | NOTE | |||
r-release-windows-x86_64 | 0.2 | 23.00 | 127.00 | 150.00 | NOTE | |
r-oldrel-macos-arm64 | 0.2 | 47.00 | OK | |||
r-oldrel-windows-x86_64 | 0.2 | 24.00 | 132.00 | 156.00 | OK |
Version: 0.2
Check: Rd files
Result: NOTE
checkRd: (-1) my.bspline.Rd:38: Escaped LaTeX specials: \$ \$ \$
Flavors: r-devel-linux-x86_64-debian-clang, r-devel-linux-x86_64-debian-gcc, r-devel-linux-x86_64-fedora-clang, r-devel-linux-x86_64-fedora-gcc, r-devel-windows-x86_64, r-patched-linux-x86_64, r-release-linux-x86_64, r-release-macos-arm64, r-release-macos-x86_64, r-release-windows-x86_64