Last updated on 2024-04-24 07:15:12 CEST.
Flavor | Version | Tinstall | Tcheck | Ttotal | Status | Flags |
---|---|---|---|---|---|---|
r-devel-linux-x86_64-debian-clang | 2.2.0 | 487.22 | 159.22 | 646.44 | OK | |
r-devel-linux-x86_64-debian-gcc | 2.2.0 | 425.70 | 112.95 | 538.65 | OK | |
r-devel-linux-x86_64-fedora-clang | 2.2.0 | 846.84 | NOTE | |||
r-devel-linux-x86_64-fedora-gcc | 2.2.0 | 1042.77 | OK | |||
r-prerel-macos-arm64 | 2.2.0 | 195.00 | NOTE | |||
r-prerel-windows-x86_64 | 2.2.0 | 350.00 | 166.00 | 516.00 | OK | |
r-patched-linux-x86_64 | 2.2.0 | 511.44 | 147.15 | 658.59 | OK | |
r-release-linux-x86_64 | 2.2.0 | 481.61 | 147.77 | 629.38 | OK | |
r-release-macos-arm64 | 2.2.0 | 248.00 | NOTE | |||
r-release-macos-x86_64 | 2.2.0 | 407.00 | NOTE | |||
r-release-windows-x86_64 | 2.2.0 | 447.00 | 207.00 | 654.00 | OK | |
r-oldrel-macos-arm64 | 2.2.0 | 218.00 | NOTE | |||
r-oldrel-windows-x86_64 | 2.2.0 | 416.00 | 185.00 | 601.00 | OK |
Version: 2.2.0
Check: installed package size
Result: NOTE
installed size is 5.4Mb
sub-directories of 1Mb or more:
libs 4.2Mb
Flavors: r-devel-linux-x86_64-fedora-clang, r-prerel-macos-arm64, r-release-macos-arm64, r-release-macos-x86_64, r-oldrel-macos-arm64