CRAN Package Check Results for Package peruse

Last updated on 2025-07-27 06:49:35 CEST.

Flavor Version Tinstall Tcheck Ttotal Status Flags
r-devel-linux-x86_64-debian-clang 0.3.1 2.16 27.03 29.19 OK
r-devel-linux-x86_64-debian-gcc 0.3.1 1.63 21.80 23.43 OK
r-devel-linux-x86_64-fedora-clang 0.3.1 43.09 OK
r-devel-linux-x86_64-fedora-gcc 0.3.1 40.37 OK
r-devel-windows-x86_64 0.3.1 5.00 53.00 58.00 OK
r-patched-linux-x86_64 0.3.1 2.40 24.81 27.21 OK
r-release-linux-x86_64 0.3.1 2.09 24.94 27.03 OK
r-release-macos-arm64 0.3.1 19.00 OK
r-release-macos-x86_64 0.3.1 28.00 OK
r-release-windows-x86_64 0.3.1 3.00 47.00 50.00 OK
r-oldrel-macos-arm64 0.3.1 17.00 NOTE
r-oldrel-macos-x86_64 0.3.1 24.00 NOTE
r-oldrel-windows-x86_64 0.3.1 4.00 53.00 57.00 NOTE

Check Details

Version: 0.3.1
Check: LazyData
Result: NOTE 'LazyData' is specified without a 'data' directory Flavors: r-oldrel-macos-arm64, r-oldrel-macos-x86_64, r-oldrel-windows-x86_64