Last updated on 2025-10-05 18:57:43 CEST.
Flavor | Version | Tinstall | Tcheck | Ttotal | Status | Flags |
---|---|---|---|---|---|---|
r-devel-linux-x86_64-debian-clang | 1.1 | 9.76 | 26.11 | 35.87 | NOTE | |
r-devel-linux-x86_64-debian-gcc | 1.1 | 6.64 | 20.53 | 27.17 | NOTE | |
r-devel-linux-x86_64-fedora-clang | 1.1 | 58.78 | OK | |||
r-devel-linux-x86_64-fedora-gcc | 1.1 | 55.38 | OK | |||
r-devel-windows-x86_64 | 1.1 | 15.00 | 72.00 | 87.00 | OK | |
r-patched-linux-x86_64 | 1.1 | 9.33 | 25.13 | 34.46 | OK | |
r-release-linux-x86_64 | 1.1 | 9.31 | 25.01 | 34.32 | OK | |
r-release-macos-arm64 | 1.1 | 24.00 | OK | |||
r-release-macos-x86_64 | 1.1 | 37.00 | OK | |||
r-release-windows-x86_64 | 1.1 | 13.00 | 73.00 | 86.00 | OK | |
r-oldrel-macos-arm64 | 1.1 | 27.00 | OK | |||
r-oldrel-macos-x86_64 | 1.1 | 36.00 | OK | |||
r-oldrel-windows-x86_64 | 1.1 | 14.00 | 81.00 | 95.00 | OK |
Version: 1.1
Check: CRAN incoming feasibility
Result: NOTE
Maintainer: ‘Daniel F. Schmidt <daniel.schmidt@monash.edu>’
Found the following \keyword or \concept entries
which likely give several index terms:
File ‘pgdraw-package.Rd’:
\keyword{distribution,}
Flavors: r-devel-linux-x86_64-debian-clang, r-devel-linux-x86_64-debian-gcc