Last updated on 2024-04-25 06:54:27 CEST.
Flavor | Version | Tinstall | Tcheck | Ttotal | Status | Flags |
---|---|---|---|---|---|---|
r-devel-linux-x86_64-debian-clang | 1.3.1 | 23.06 | 81.93 | 104.99 | NOTE | |
r-devel-linux-x86_64-debian-gcc | 1.3.1 | 18.15 | 60.90 | 79.05 | NOTE | |
r-devel-linux-x86_64-fedora-clang | 1.3.1 | 124.94 | NOTE | |||
r-devel-linux-x86_64-fedora-gcc | 1.3.1 | 134.19 | NOTE | |||
r-devel-windows-x86_64 | 1.3.1 | 18.00 | 90.00 | 108.00 | NOTE | |
r-patched-linux-x86_64 | 1.3.1 | 20.91 | 78.65 | 99.56 | NOTE | |
r-release-linux-x86_64 | 1.3.1 | 23.25 | 80.18 | 103.43 | NOTE | |
r-release-macos-arm64 | 1.3.1 | 44.00 | NOTE | |||
r-release-windows-x86_64 | 1.3.1 | 18.00 | 89.00 | 107.00 | NOTE | |
r-oldrel-macos-arm64 | 1.3.1 | 47.00 | NOTE | |||
r-oldrel-macos-x86_64 | 1.3.1 | 79.00 | NOTE | |||
r-oldrel-windows-x86_64 | 1.3.1 | 23.00 | 102.00 | 125.00 | NOTE |
Version: 1.3.1
Check: C++ specification
Result: NOTE
Specified C++11: please drop specification unless essential
Flavors: r-devel-linux-x86_64-debian-clang, r-devel-linux-x86_64-debian-gcc, r-devel-linux-x86_64-fedora-clang, r-devel-linux-x86_64-fedora-gcc, r-devel-windows-x86_64, r-patched-linux-x86_64, r-release-linux-x86_64, r-release-macos-arm64, r-release-windows-x86_64, r-oldrel-macos-arm64, r-oldrel-macos-x86_64, r-oldrel-windows-x86_64
Version: 1.3.1
Check: installed package size
Result: NOTE
installed size is 5.6Mb
sub-directories of 1Mb or more:
libs 4.6Mb
Flavors: r-release-macos-arm64, r-oldrel-macos-arm64, r-oldrel-macos-x86_64