Last updated on 2024-03-28 06:01:33 CET.
Flavor | Version | Tinstall | Tcheck | Ttotal | Status | Flags |
---|---|---|---|---|---|---|
r-devel-linux-x86_64-debian-clang | 0.9.4 | 8.25 | 111.94 | 120.19 | NOTE | |
r-devel-linux-x86_64-debian-gcc | 0.9.4 | 5.83 | 81.88 | 87.71 | NOTE | |
r-devel-linux-x86_64-fedora-clang | 0.9.4 | 143.54 | NOTE | |||
r-devel-linux-x86_64-fedora-gcc | 0.9.4 | 154.37 | NOTE | |||
r-devel-windows-x86_64 | 0.9.4 | 9.00 | 105.00 | 114.00 | NOTE | |
r-patched-linux-x86_64 | 0.9.4 | 6.58 | 104.60 | 111.18 | OK | |
r-release-linux-x86_64 | 0.9.4 | 5.01 | 105.72 | 110.73 | OK | |
r-release-macos-arm64 | 0.9.4 | 50.00 | OK | |||
r-release-macos-x86_64 | 0.9.4 | 117.00 | OK | |||
r-release-windows-x86_64 | 0.9.4 | 11.00 | 122.00 | 133.00 | OK | |
r-oldrel-macos-arm64 | 0.9.4 | 46.00 | OK | |||
r-oldrel-windows-x86_64 | 0.9.4 | 12.00 | 112.00 | 124.00 | OK |
Version: 0.9.4
Check: Rd files
Result: NOTE
checkRd: (-1) sprinkle_colnames.Rd:26-28: Lost braces in \itemize; meant \describe ?
checkRd: (-1) sprinkle_colnames.Rd:29-31: Lost braces in \itemize; meant \describe ?
checkRd: (-1) tidy_levels_labels.Rd:62: Lost braces in \itemize; meant \describe ?
checkRd: (-1) tidy_levels_labels.Rd:63-68: Lost braces in \itemize; meant \describe ?
checkRd: (-1) tidy_levels_labels.Rd:69-73: Lost braces in \itemize; meant \describe ?
checkRd: (-1) tidy_levels_labels.Rd:74-77: Lost braces in \itemize; meant \describe ?
checkRd: (-1) tidy_levels_labels.Rd:78-83: Lost braces in \itemize; meant \describe ?
Flavors: r-devel-linux-x86_64-debian-clang, r-devel-linux-x86_64-debian-gcc, r-devel-linux-x86_64-fedora-clang, r-devel-linux-x86_64-fedora-gcc, r-devel-windows-x86_64
Version: 0.9.4
Check: Rd cross-references
Result: NOTE
Undeclared package ‘Hmisc’ in Rd xrefs
Flavor: r-devel-linux-x86_64-fedora-clang