Last updated on 2024-05-01 18:53:56 CEST.
Flavor | Version | Tinstall | Tcheck | Ttotal | Status | Flags |
---|---|---|---|---|---|---|
r-devel-linux-x86_64-debian-clang | 2.0.3 | 1.39 | 23.18 | 24.57 | NOTE | |
r-devel-linux-x86_64-debian-gcc | 2.0.3 | 1.30 | 18.17 | 19.47 | NOTE | |
r-devel-linux-x86_64-fedora-clang | 2.0.3 | 32.55 | NOTE | |||
r-devel-linux-x86_64-fedora-gcc | 2.0.3 | 30.65 | NOTE | |||
r-devel-windows-x86_64 | 2.0.3 | 3.00 | 46.00 | 49.00 | NOTE | |
r-patched-linux-x86_64 | 2.0.3 | 1.28 | 22.50 | 23.78 | NOTE | |
r-release-linux-x86_64 | 2.0.3 | 1.34 | 22.86 | 24.20 | NOTE | |
r-release-macos-arm64 | 2.0.3 | 14.00 | NOTE | |||
r-release-macos-x86_64 | 2.0.3 | 13.00 | NOTE | |||
r-release-windows-x86_64 | 2.0.3 | 3.00 | 45.00 | 48.00 | NOTE | |
r-oldrel-macos-arm64 | 2.0.3 | 17.00 | NOTE | |||
r-oldrel-macos-x86_64 | 2.0.3 | 19.00 | NOTE | |||
r-oldrel-windows-x86_64 | 2.0.3 | 3.00 | 41.00 | 44.00 | NOTE |
Version: 2.0.3
Check: LazyData
Result: NOTE
'LazyData' is specified without a 'data' directory
Flavors: r-devel-linux-x86_64-debian-clang, r-devel-linux-x86_64-debian-gcc, r-devel-linux-x86_64-fedora-clang, r-devel-linux-x86_64-fedora-gcc, r-devel-windows-x86_64, r-patched-linux-x86_64, r-release-linux-x86_64, r-release-macos-arm64, r-release-windows-x86_64, r-oldrel-macos-arm64, r-oldrel-macos-x86_64, r-oldrel-windows-x86_64
Version: 2.0.3
Check: package dependencies
Result: NOTE
Packages suggested but not available for checking:
'covr', 'testthat', 'disposables'
Flavor: r-release-macos-x86_64