Last updated on 2025-05-18 06:49:22 CEST.
Flavor | Version | Tinstall | Tcheck | Ttotal | Status | Flags |
---|---|---|---|---|---|---|
r-devel-linux-x86_64-debian-clang | 0.2.3 | 12.90 | 151.15 | 164.05 | NOTE | |
r-devel-linux-x86_64-debian-gcc | 0.2.3 | 9.29 | 111.91 | 121.20 | NOTE | |
r-devel-linux-x86_64-fedora-clang | 0.2.3 | 248.49 | NOTE | |||
r-devel-linux-x86_64-fedora-gcc | 0.2.3 | 253.81 | NOTE | |||
r-devel-windows-x86_64 | 0.2.3 | 12.00 | 141.00 | 153.00 | NOTE | |
r-patched-linux-x86_64 | 0.2.3 | 12.60 | 146.22 | 158.82 | NOTE | |
r-release-linux-x86_64 | 0.2.3 | 9.48 | 149.26 | 158.74 | NOTE | |
r-release-macos-arm64 | 0.2.3 | 68.00 | NOTE | |||
r-release-macos-x86_64 | 0.2.3 | 158.00 | NOTE | |||
r-release-windows-x86_64 | 0.2.3 | 14.00 | 149.00 | 163.00 | NOTE | |
r-oldrel-macos-arm64 | 0.2.3 | 67.00 | NOTE | |||
r-oldrel-macos-x86_64 | 0.2.3 | 101.00 | NOTE | |||
r-oldrel-windows-x86_64 | 0.2.3 | 17.00 | 177.00 | 194.00 | NOTE |
Version: 0.2.3
Check: package subdirectories
Result: NOTE
Problems with news in ‘NEWS.md’:
No news entries found.
Flavors: r-devel-linux-x86_64-debian-clang, r-devel-linux-x86_64-debian-gcc, r-devel-linux-x86_64-fedora-clang, r-devel-linux-x86_64-fedora-gcc, r-devel-windows-x86_64, r-patched-linux-x86_64, r-release-linux-x86_64, r-release-macos-arm64, r-release-macos-x86_64, r-release-windows-x86_64, r-oldrel-macos-arm64, r-oldrel-macos-x86_64, r-oldrel-windows-x86_64