Last updated on 2024-04-19 19:50:22 CEST.
Flavor | Version | Tinstall | Tcheck | Ttotal | Status | Flags |
---|---|---|---|---|---|---|
r-devel-linux-x86_64-debian-clang | 0.2.3 | 9.72 | 184.53 | 194.25 | NOTE | |
r-devel-linux-x86_64-debian-gcc | 0.2.3 | NOTE | ||||
r-devel-linux-x86_64-fedora-clang | 0.2.3 | 247.78 | NOTE | |||
r-devel-linux-x86_64-fedora-gcc | 0.2.3 | 249.72 | NOTE | |||
r-prerel-macos-arm64 | 0.2.3 | 67.00 | NOTE | |||
r-prerel-windows-x86_64 | 0.2.3 | 12.00 | 133.00 | 145.00 | NOTE | |
r-patched-linux-x86_64 | 0.2.3 | 12.23 | 175.04 | 187.27 | NOTE | |
r-release-linux-x86_64 | 0.2.3 | 8.48 | 178.44 | 186.92 | NOTE | |
r-release-macos-arm64 | 0.2.3 | 71.00 | NOTE | |||
r-release-macos-x86_64 | 0.2.3 | 115.00 | NOTE | |||
r-release-windows-x86_64 | 0.2.3 | 16.00 | 156.00 | 172.00 | NOTE | |
r-oldrel-macos-arm64 | 0.2.3 | 65.00 | OK | |||
r-oldrel-windows-x86_64 | 0.2.3 | 16.00 | 167.00 | 183.00 | OK |
Version: 0.2.3
Check: package subdirectories
Result: NOTE
Problems with news in ‘NEWS.md’:
No news entries found.
Flavors: r-devel-linux-x86_64-debian-clang, r-devel-linux-x86_64-debian-gcc, r-devel-linux-x86_64-fedora-clang, r-devel-linux-x86_64-fedora-gcc, r-prerel-macos-arm64, r-prerel-windows-x86_64, r-patched-linux-x86_64, r-release-linux-x86_64, r-release-macos-arm64, r-release-macos-x86_64, r-release-windows-x86_64