Last updated on 2024-03-28 06:01:33 CET.
Flavor | Version | Tinstall | Tcheck | Ttotal | Status | Flags |
---|---|---|---|---|---|---|
r-devel-linux-x86_64-debian-clang | 0.1.3 | 145.88 | 84.59 | 230.47 | OK | |
r-devel-linux-x86_64-debian-gcc | 0.1.3 | 116.60 | 71.45 | 188.05 | OK | |
r-devel-linux-x86_64-fedora-clang | 0.1.3 | 272.66 | OK | |||
r-devel-linux-x86_64-fedora-gcc | 0.1.3 | 327.57 | OK | |||
r-devel-windows-x86_64 | 0.1.3 | 93.00 | 104.00 | 197.00 | OK | |
r-patched-linux-x86_64 | 0.1.3 | 137.99 | 95.12 | 233.11 | OK | |
r-release-linux-x86_64 | 0.1.3 | 139.72 | 94.76 | 234.48 | OK | |
r-release-macos-arm64 | 0.1.3 | 63.00 | NOTE | |||
r-release-macos-x86_64 | 0.1.3 | 145.00 | NOTE | |||
r-release-windows-x86_64 | 0.1.3 | 118.00 | 126.00 | 244.00 | OK | |
r-oldrel-macos-arm64 | 0.1.3 | 63.00 | NOTE | |||
r-oldrel-windows-x86_64 | 0.1.3 | 113.00 | 124.00 | 237.00 | OK |
Version: 0.1.3
Check: installed package size
Result: NOTE
installed size is 22.8Mb
sub-directories of 1Mb or more:
libs 22.7Mb
Flavors: r-release-macos-arm64, r-release-macos-x86_64, r-oldrel-macos-arm64