Last updated on 2024-07-05 19:04:27 CEST.
Flavor | Version | Tinstall | Tcheck | Ttotal | Status | Flags |
---|---|---|---|---|---|---|
r-devel-linux-x86_64-debian-clang | 1.1-12 | 7.54 | 37.00 | 44.54 | OK | |
r-devel-linux-x86_64-debian-gcc | 1.1-12 | 6.85 | 28.03 | 34.88 | OK | |
r-devel-linux-x86_64-fedora-clang | 1.1-12 | 57.89 | OK | |||
r-devel-linux-x86_64-fedora-gcc | 1.1-12 | 56.60 | OK | |||
r-devel-windows-x86_64 | 1.1-12 | 12.00 | 53.00 | 65.00 | OK | |
r-patched-linux-x86_64 | 1.1-12 | 8.56 | 35.33 | 43.89 | OK | |
r-release-linux-x86_64 | 1.1-12 | 5.63 | 36.07 | 41.70 | OK | |
r-release-macos-arm64 | 1.1-12 | 22.00 | OK | |||
r-release-macos-x86_64 | 1.1-12 | 32.00 | OK | |||
r-release-windows-x86_64 | 1.1-12 | 11.00 | 53.00 | 64.00 | OK | |
r-oldrel-macos-arm64 | 1.1-12 | 23.00 | OK | |||
r-oldrel-macos-x86_64 | 1.1-12 | 31.00 | NOTE | |||
r-oldrel-windows-x86_64 | 1.1-12 | 15.00 | 58.00 | 73.00 | OK |
Version: 1.1-12
Check: package dependencies
Result: NOTE
Package suggested but not available for checking: ‘ellipse’
Flavor: r-oldrel-macos-x86_64