Last updated on 2024-03-28 06:01:33 CET.
Flavor | Version | Tinstall | Tcheck | Ttotal | Status | Flags |
---|---|---|---|---|---|---|
r-devel-linux-x86_64-debian-clang | 2.4 | 20.68 | 82.99 | 103.67 | NOTE | |
r-devel-linux-x86_64-debian-gcc | 2.4 | 15.44 | 62.35 | 77.79 | NOTE | |
r-devel-linux-x86_64-fedora-clang | 2.4 | 130.57 | NOTE | |||
r-devel-linux-x86_64-fedora-gcc | 2.4 | 124.62 | NOTE | |||
r-devel-windows-x86_64 | 2.4 | 21.00 | 91.00 | 112.00 | NOTE | |
r-patched-linux-x86_64 | 2.4 | 21.04 | 81.28 | 102.32 | NOTE | |
r-release-linux-x86_64 | 2.4 | 19.69 | 81.39 | 101.08 | NOTE | |
r-release-macos-arm64 | 2.4 | 44.00 | NOTE | |||
r-release-macos-x86_64 | 2.4 | 63.00 | NOTE | |||
r-release-windows-x86_64 | 2.4 | 24.00 | 107.00 | 131.00 | NOTE | |
r-oldrel-macos-arm64 | 2.4 | 39.00 | NOTE | |||
r-oldrel-windows-x86_64 | 2.4 | 24.00 | 115.00 | 139.00 | NOTE |
Version: 2.4
Check: LazyData
Result: NOTE
'LazyData' is specified without a 'data' directory
Flavors: r-devel-linux-x86_64-debian-clang, r-devel-linux-x86_64-debian-gcc, r-devel-linux-x86_64-fedora-clang, r-devel-linux-x86_64-fedora-gcc, r-devel-windows-x86_64, r-patched-linux-x86_64, r-release-linux-x86_64, r-release-macos-arm64, r-release-macos-x86_64, r-release-windows-x86_64, r-oldrel-macos-arm64, r-oldrel-windows-x86_64