Last updated on 2025-07-27 18:51:28 CEST.
Flavor | Version | Tinstall | Tcheck | Ttotal | Status | Flags |
---|---|---|---|---|---|---|
r-devel-linux-x86_64-debian-clang | 0.4.0-4 | 9.38 | 53.02 | 62.40 | NOTE | |
r-devel-linux-x86_64-debian-gcc | 0.4.0-4 | 8.26 | 40.61 | 48.87 | NOTE | |
r-devel-linux-x86_64-fedora-clang | 0.4.0-4 | 93.53 | OK | |||
r-devel-linux-x86_64-fedora-gcc | 0.4.0-4 | 92.87 | OK | |||
r-devel-windows-x86_64 | 0.4.0-4 | 15.00 | 91.00 | 106.00 | OK | |
r-patched-linux-x86_64 | 0.4.0-4 | 10.05 | 50.19 | 60.24 | OK | |
r-release-linux-x86_64 | 0.4.0-4 | 8.78 | 50.03 | 58.81 | OK | |
r-release-macos-arm64 | 0.4.0-4 | 35.00 | OK | |||
r-release-macos-x86_64 | 0.4.0-4 | 57.00 | OK | |||
r-release-windows-x86_64 | 0.4.0-4 | 13.00 | 78.00 | 91.00 | OK | |
r-oldrel-macos-arm64 | 0.4.0-4 | 32.00 | OK | |||
r-oldrel-macos-x86_64 | 0.4.0-4 | 47.00 | OK | |||
r-oldrel-windows-x86_64 | 0.4.0-4 | 18.00 | 88.00 | 106.00 | OK |
Version: 0.4.0-4
Check: CRAN incoming feasibility
Result: NOTE
Maintainer: ‘David Cortes <david.cortes.rivera@gmail.com>’
The Description field contains
bag-of-words-based topic modeling) (Cortes, (2018) <arXiv:1811.01908>),
Please refer to arXiv e-prints via their arXiv DOI <doi:10.48550/arXiv.YYMM.NNNNN>.
Flavors: r-devel-linux-x86_64-debian-clang, r-devel-linux-x86_64-debian-gcc