CRAN Package Check Results for Package poistweedie

Last updated on 2018-07-19 18:49:31 CEST.

Flavor Version Tinstall Tcheck Ttotal Status Flags
r-devel-linux-x86_64-debian-clang 1.0 1.98 18.73 20.71 NOTE
r-devel-linux-x86_64-debian-gcc 1.0 1.40 16.53 17.93 NOTE
r-devel-linux-x86_64-fedora-clang 1.0 26.48 NOTE
r-devel-linux-x86_64-fedora-gcc 1.0 24.85 NOTE
r-devel-windows-ix86+x86_64 1.0 5.00 30.00 35.00 NOTE
r-patched-linux-x86_64 1.0 1.90 19.98 21.88 NOTE
r-patched-solaris-x86 1.0 38.50 NOTE
r-release-linux-x86_64 1.0 1.98 20.11 22.09 NOTE
r-release-windows-ix86+x86_64 1.0 6.00 28.00 34.00 NOTE
r-release-osx-x86_64 1.0 NOTE
r-oldrel-windows-ix86+x86_64 1.0 3.00 32.00 35.00 NOTE
r-oldrel-osx-x86_64 1.0 NOTE

Check Details

Version: 1.0
Check: R code for possible problems
Result: NOTE
    rpoistweedie: no visible global function definition for ‘runif’
    testOmegaPT: no visible global function definition for ‘runif’
    Undefined global functions or variables:
     runif
    Consider adding
     importFrom("stats", "runif")
    to your NAMESPACE file.
Flavors: r-devel-linux-x86_64-debian-clang, r-devel-linux-x86_64-debian-gcc, r-devel-linux-x86_64-fedora-clang, r-devel-linux-x86_64-fedora-gcc, r-devel-windows-ix86+x86_64, r-patched-linux-x86_64, r-patched-solaris-x86, r-release-linux-x86_64, r-release-windows-ix86+x86_64, r-release-osx-x86_64, r-oldrel-windows-ix86+x86_64, r-oldrel-osx-x86_64

Version: 1.0
Check: Rd files
Result: NOTE
    prepare_Rd: poistweedie.Rd:51: Dropping empty section \references
    prepare_Rd: ppoistweedie.Rd:37: Dropping empty section \references
    prepare_Rd: qpoistweedie.Rd:40: Dropping empty section \references
    prepare_Rd: rpoistweedie.Rd:36: Dropping empty section \references
    prepare_Rd: varpt.Rd:31: Dropping empty section \references
Flavors: r-devel-linux-x86_64-debian-clang, r-devel-linux-x86_64-debian-gcc, r-devel-linux-x86_64-fedora-clang, r-devel-linux-x86_64-fedora-gcc, r-devel-windows-ix86+x86_64, r-patched-linux-x86_64, r-patched-solaris-x86, r-release-linux-x86_64, r-release-windows-ix86+x86_64, r-release-osx-x86_64, r-oldrel-windows-ix86+x86_64, r-oldrel-osx-x86_64

Version: 1.0
Check: Rd line widths
Result: NOTE
    Rd file 'ppoistweedie.Rd':
     \examples lines wider than 100 characters:
     layout.show(1) ... [TRUNCATED]
    
    These lines will be truncated in the PDF manual.
Flavors: r-devel-linux-x86_64-debian-clang, r-devel-linux-x86_64-debian-gcc, r-devel-linux-x86_64-fedora-clang, r-devel-linux-x86_64-fedora-gcc, r-patched-linux-x86_64, r-release-linux-x86_64