Last updated on 2025-10-30 05:51:19 CET.
| Flavor | Version | Tinstall | Tcheck | Ttotal | Status | Flags | 
|---|---|---|---|---|---|---|
| r-devel-linux-x86_64-debian-clang | 0.2-5 | 2.53 | 37.58 | 40.11 | NOTE | |
| r-devel-linux-x86_64-debian-gcc | 0.2-5 | 2.13 | 29.70 | 31.83 | NOTE | |
| r-devel-linux-x86_64-fedora-clang | 0.2-5 | 58.59 | NOTE | |||
| r-devel-linux-x86_64-fedora-gcc | 0.2-5 | 71.42 | NOTE | |||
| r-devel-windows-x86_64 | 0.2-5 | 4.00 | 78.00 | 82.00 | NOTE | |
| r-patched-linux-x86_64 | 0.2-5 | 3.33 | 35.68 | 39.01 | NOTE | |
| r-release-linux-x86_64 | 0.2-5 | 2.61 | 36.09 | 38.70 | NOTE | |
| r-release-macos-arm64 | 0.2-5 | 1.00 | 28.00 | 29.00 | NOTE | |
| r-release-macos-x86_64 | 0.2-5 | 2.00 | 57.00 | 59.00 | NOTE | |
| r-release-windows-x86_64 | 0.2-5 | 5.00 | 80.00 | 85.00 | NOTE | |
| r-oldrel-macos-arm64 | 0.2-5 | 1.00 | 27.00 | 28.00 | NOTE | |
| r-oldrel-macos-x86_64 | 0.2-5 | 3.00 | 40.00 | 43.00 | NOTE | |
| r-oldrel-windows-x86_64 | 0.2-5 | 6.00 | 84.00 | 90.00 | NOTE | 
Version: 0.2-5
Check: CRAN incoming feasibility
Result: NOTE
  Maintainer: ‘Peter Baker <p.baker1@uq.edu.au>’
  
  No Authors@R field in DESCRIPTION.
  Please add one, modifying
    Authors@R: person(given = "Peter",
                      family = "Baker",
                      role = c("aut", "cre"),
                      email = "p.baker1@uq.edu.au")
  as necessary.
Flavors: r-devel-linux-x86_64-debian-clang, r-devel-linux-x86_64-debian-gcc
Version: 0.2-5
Check: Rd files
Result: NOTE
  checkRd: (-1) addMisclass.Rd:37: Lost braces in \itemize; \value handles \item{}{} directly
  checkRd: (-1) addMisclass.Rd:38: Lost braces in \itemize; \value handles \item{}{} directly
  checkRd: (-1) addMisclass.Rd:39: Lost braces in \itemize; \value handles \item{}{} directly
  checkRd: (-1) addMisclass.Rd:40: Lost braces in \itemize; \value handles \item{}{} directly
  checkRd: (-1) addMisclass.Rd:41: Lost braces in \itemize; \value handles \item{}{} directly
  checkRd: (-1) addMisclass.Rd:42: Lost braces in \itemize; \value handles \item{}{} directly
  checkRd: (-1) addMisclass.Rd:43: Lost braces in \itemize; \value handles \item{}{} directly
  checkRd: (-1) divide.autoMarkers.Rd:33-34: Lost braces in \itemize; \value handles \item{}{} directly
  checkRd: (-1) divide.autoMarkers.Rd:35: Lost braces in \itemize; \value handles \item{}{} directly
  checkRd: (-1) divide.autoMarkers.Rd:36-37: Lost braces in \itemize; \value handles \item{}{} directly
  checkRd: (-1) divide.autoMarkers.Rd:38: Lost braces in \itemize; \value handles \item{}{} directly
  checkRd: (-1) divide.autoMarkers.Rd:39: Lost braces in \itemize; \value handles \item{}{} directly
  checkRd: (-1) divideAutoMarkers.Rd:13: Lost braces in \itemize; \value handles \item{}{} directly
  checkRd: (-1) divideAutoMarkers.Rd:14: Lost braces in \itemize; \value handles \item{}{} directly
  checkRd: (-1) divideAutoMarkers.Rd:15-16: Lost braces in \itemize; \value handles \item{}{} directly
  checkRd: (-1) divideAutoMarkers.Rd:17: Lost braces in \itemize; \value handles \item{}{} directly
  checkRd: (-1) divideAutoMarkers.Rd:18: Lost braces in \itemize; \value handles \item{}{} directly
  checkRd: (-1) expected.segRatio.Rd:33-34: Lost braces in \itemize; meant \describe ?
  checkRd: (-1) expected.segRatio.Rd:35-36: Lost braces in \itemize; meant \describe ?
  checkRd: (-1) plot.segRatio.Rd:34: Lost braces in \itemize; meant \describe ?
  checkRd: (-1) plot.segRatio.Rd:35: Lost braces in \itemize; meant \describe ?
  checkRd: (-1) plot.segRatio.Rd:36-37: Lost braces in \itemize; meant \describe ?
  checkRd: (-1) plot.segRatio.Rd:38: Lost braces in \itemize; meant \describe ?
  checkRd: (-1) polySegratio-package.Rd:42-43: Lost braces in \itemize; meant \describe ?
  checkRd: (-1) polySegratio-package.Rd:44-45: Lost braces in \itemize; meant \describe ?
  checkRd: (-1) sim.autoMarkers.Rd:56: Lost braces in \itemize; \value handles \item{}{} directly
  checkRd: (-1) sim.autoMarkers.Rd:57: Lost braces in \itemize; \value handles \item{}{} directly
  checkRd: (-1) sim.autoMarkers.Rd:58: Lost braces in \itemize; \value handles \item{}{} directly
  checkRd: (-1) sim.autoMarkers.Rd:67: Lost braces in \itemize; \value handles \item{}{} directly
  checkRd: (-1) sim.autoMarkers.Rd:68: Lost braces in \itemize; \value handles \item{}{} directly
  checkRd: (-1) sim.autoMarkers.Rd:69-70: Lost braces in \itemize; \value handles \item{}{} directly
  checkRd: (-1) simAutoCross.Rd:31: Lost braces
      31 |     with components sQuote{p01}, \sQuote{p10} and \sQuote{p11}}
         |                           ^
  checkRd: (-1) simAutoMarkers.Rd:27: Lost braces in \itemize; \value handles \item{}{} directly
  checkRd: (-1) simAutoMarkers.Rd:28: Lost braces in \itemize; \value handles \item{}{} directly
  checkRd: (-1) simAutoMarkers.Rd:29-30: Lost braces in \itemize; \value handles \item{}{} directly
  checkRd: (-1) test.segRatio.Rd:44-45: Lost braces in \itemize; meant \describe ?
  checkRd: (-1) test.segRatio.Rd:46-47: Lost braces in \itemize; meant \describe ?
  checkRd: (-1) testSegRatio.Rd:23-24: Lost braces in \itemize; meant \describe ?
  checkRd: (-1) testSegRatio.Rd:25-26: Lost braces in \itemize; meant \describe ?
Flavors: r-devel-linux-x86_64-debian-clang, r-devel-linux-x86_64-debian-gcc, r-devel-linux-x86_64-fedora-clang, r-devel-linux-x86_64-fedora-gcc, r-devel-windows-x86_64, r-patched-linux-x86_64, r-release-linux-x86_64, r-release-macos-arm64, r-release-macos-x86_64, r-release-windows-x86_64, r-oldrel-macos-arm64, r-oldrel-macos-x86_64, r-oldrel-windows-x86_64