Last updated on 2024-03-28 17:49:38 CET.
Flavor | Version | Tinstall | Tcheck | Ttotal | Status | Flags |
---|---|---|---|---|---|---|
r-devel-linux-x86_64-debian-clang | 0.4.11 | 21.35 | 305.29 | 326.64 | NOTE | |
r-devel-linux-x86_64-debian-gcc | 0.4.11 | 17.74 | 228.44 | 246.18 | NOTE | |
r-devel-linux-x86_64-fedora-clang | 0.4.11 | 413.83 | NOTE | |||
r-devel-linux-x86_64-fedora-gcc | 0.4.11 | 406.13 | NOTE | |||
r-devel-windows-x86_64 | 0.4.11 | 20.00 | 260.00 | 280.00 | NOTE | |
r-patched-linux-x86_64 | 0.4.11 | 28.00 | 442.93 | 470.93 | NOTE | |
r-release-linux-x86_64 | 0.4.11 | 24.53 | 424.67 | 449.20 | OK | |
r-release-macos-arm64 | 0.4.11 | 122.00 | OK | |||
r-release-macos-x86_64 | 0.4.11 | 349.00 | OK | |||
r-release-windows-x86_64 | 0.4.11 | 26.00 | 307.00 | 333.00 | OK | |
r-oldrel-macos-arm64 | 0.4.11 | 117.00 | OK | |||
r-oldrel-windows-x86_64 | 0.4.11 | 27.00 | 293.00 | 320.00 | OK |
Version: 0.4.11
Check: Rd files
Result: NOTE
checkRd: (-1) survmean.Rd:83: Lost braces in \itemize; \value handles \item{}{} directly
checkRd: (-1) survmean.Rd:84: Lost braces in \itemize; \value handles \item{}{} directly
checkRd: (-1) survmean.Rd:85: Lost braces in \itemize; \value handles \item{}{} directly
checkRd: (-1) survmean.Rd:86-88: Lost braces in \itemize; \value handles \item{}{} directly
Flavors: r-devel-linux-x86_64-debian-clang, r-devel-linux-x86_64-debian-gcc, r-devel-linux-x86_64-fedora-clang, r-devel-linux-x86_64-fedora-gcc, r-devel-windows-x86_64, r-patched-linux-x86_64