Last updated on 2024-07-03 18:57:44 CEST.
Flavor | Version | Tinstall | Tcheck | Ttotal | Status | Flags |
---|---|---|---|---|---|---|
r-devel-linux-x86_64-debian-clang | 0.3.3 | 66.14 | 90.98 | 157.12 | OK | |
r-devel-linux-x86_64-debian-gcc | 0.3.3 | 51.48 | 66.09 | 117.57 | OK | |
r-devel-linux-x86_64-fedora-clang | 0.3.3 | 201.23 | OK | |||
r-devel-linux-x86_64-fedora-gcc | 0.3.3 | 214.94 | OK | |||
r-devel-windows-x86_64 | 0.3.3 | 52.00 | 99.00 | 151.00 | OK | |
r-patched-linux-x86_64 | 0.3.3 | 55.62 | 86.01 | 141.63 | OK | |
r-release-linux-x86_64 | 0.3.3 | 57.28 | 82.97 | 140.25 | OK | |
r-release-macos-arm64 | 0.3.3 | 49.00 | NOTE | |||
r-release-macos-x86_64 | 0.3.3 | 75.00 | NOTE | |||
r-release-windows-x86_64 | 0.3.3 | 51.00 | 98.00 | 149.00 | OK | |
r-oldrel-macos-arm64 | 0.3.3 | 56.00 | NOTE | |||
r-oldrel-macos-x86_64 | 0.3.3 | 120.00 | NOTE | |||
r-oldrel-windows-x86_64 | 0.3.3 | 64.00 | 123.00 | 187.00 | OK |
Version: 0.3.3
Check: installed package size
Result: NOTE
installed size is 6.4Mb
sub-directories of 1Mb or more:
libs 6.1Mb
Flavors: r-release-macos-arm64, r-release-macos-x86_64, r-oldrel-macos-arm64, r-oldrel-macos-x86_64