Last updated on 2024-03-28 17:49:38 CET.
Flavor | Version | Tinstall | Tcheck | Ttotal | Status | Flags |
---|---|---|---|---|---|---|
r-devel-linux-x86_64-debian-clang | 6.0 | 9.36 | 83.24 | 92.60 | OK | |
r-devel-linux-x86_64-debian-gcc | 6.0 | 7.60 | 61.57 | 69.17 | OK | |
r-devel-linux-x86_64-fedora-clang | 6.0 | 118.76 | NOTE | |||
r-devel-linux-x86_64-fedora-gcc | 6.0 | 123.13 | OK | |||
r-devel-windows-x86_64 | 6.0 | 10.00 | 80.00 | 90.00 | OK | |
r-patched-linux-x86_64 | 6.0 | 7.32 | 79.82 | 87.14 | OK | |
r-release-linux-x86_64 | 6.0 | 6.04 | 81.37 | 87.41 | OK | |
r-release-macos-arm64 | 6.0 | 35.00 | OK | |||
r-release-macos-x86_64 | 6.0 | 86.00 | OK | |||
r-release-windows-x86_64 | 6.0 | 12.00 | 95.00 | 107.00 | OK | |
r-oldrel-macos-arm64 | 6.0 | 38.00 | OK | |||
r-oldrel-windows-x86_64 | 6.0 | 13.00 | 93.00 | 106.00 | OK |
Version: 6.0
Check: Rd cross-references
Result: NOTE
Undeclared packages ‘fracdiff’, ‘fGarch’, ‘tseries’ in Rd xrefs
Flavor: r-devel-linux-x86_64-fedora-clang