Last updated on 2025-11-03 17:49:58 CET.
| Flavor | Version | Tinstall | Tcheck | Ttotal | Status | Flags | 
|---|---|---|---|---|---|---|
| r-devel-linux-x86_64-debian-clang | 6.0 | 8.22 | 82.29 | 90.51 | NOTE | |
| r-devel-linux-x86_64-debian-gcc | 6.0 | 6.61 | 57.44 | 64.05 | NOTE | |
| r-devel-linux-x86_64-fedora-clang | 6.0 | 20.00 | 119.78 | 139.78 | OK | |
| r-devel-linux-x86_64-fedora-gcc | 6.0 | 18.00 | 111.92 | 129.92 | OK | |
| r-devel-windows-x86_64 | 6.0 | 11.00 | 92.00 | 103.00 | OK | |
| r-patched-linux-x86_64 | 6.0 | 9.01 | 76.38 | 85.39 | OK | |
| r-release-linux-x86_64 | 6.0 | 8.05 | 75.45 | 83.50 | OK | |
| r-release-macos-arm64 | 6.0 | 4.00 | 31.00 | 35.00 | OK | |
| r-release-macos-x86_64 | 6.0 | 8.00 | 55.00 | 63.00 | OK | |
| r-release-windows-x86_64 | 6.0 | 14.00 | 88.00 | 102.00 | OK | |
| r-oldrel-macos-arm64 | 6.0 | 4.00 | 29.00 | 33.00 | OK | |
| r-oldrel-macos-x86_64 | 6.0 | 6.00 | 44.00 | 50.00 | OK | |
| r-oldrel-windows-x86_64 | 6.0 | 16.00 | 112.00 | 128.00 | OK | 
Version: 6.0
Check: CRAN incoming feasibility
Result: NOTE
  Maintainer: ‘Esam Mahdi <emahdi2012@gmail.com>’
  
  No Authors@R field in DESCRIPTION.
  Please add one, modifying
    Authors@R: person(given = "Esam",
                      family = "Mahdi",
                      role = c("aut", "cre"),
                      email = "emahdi2012@gmail.com")
  as necessary.
Flavors: r-devel-linux-x86_64-debian-clang, r-devel-linux-x86_64-debian-gcc