Last updated on 2024-07-23 18:59:07 CEST.
Flavor | Version | Tinstall | Tcheck | Ttotal | Status | Flags |
---|---|---|---|---|---|---|
r-devel-linux-x86_64-debian-clang | 1.0-0 | 4.94 | 587.63 | 592.57 | NOTE | |
r-devel-linux-x86_64-debian-gcc | 1.0-0 | 4.35 | 378.38 | 382.73 | NOTE | |
r-devel-linux-x86_64-fedora-clang | 1.0-0 | 615.31 | NOTE | |||
r-devel-linux-x86_64-fedora-gcc | 1.0-0 | 703.49 | NOTE | |||
r-devel-windows-x86_64 | 1.0-0 | 78.00 | 302.00 | 380.00 | NOTE | |
r-patched-linux-x86_64 | 1.0-0 | 5.63 | 565.07 | 570.70 | NOTE | |
r-release-linux-x86_64 | 1.0-0 | 6.08 | 556.42 | 562.50 | NOTE | |
r-release-macos-arm64 | 1.0-0 | 181.00 | NOTE | |||
r-release-macos-x86_64 | 1.0-0 | 298.00 | NOTE | |||
r-release-windows-x86_64 | 1.0-0 | 79.00 | 302.00 | 381.00 | NOTE | |
r-oldrel-macos-arm64 | 1.0-0 | 161.00 | NOTE | |||
r-oldrel-macos-x86_64 | 1.0-0 | 282.00 | NOTE | |||
r-oldrel-windows-x86_64 | 1.0-0 | 99.00 | 354.00 | 453.00 | NOTE |
Version: 1.0-0
Check: package subdirectories
Result: NOTE
Problems with news in ‘NEWS.md’:
No news entries found.
Flavors: r-devel-linux-x86_64-debian-clang, r-devel-linux-x86_64-debian-gcc, r-devel-linux-x86_64-fedora-clang, r-devel-linux-x86_64-fedora-gcc, r-devel-windows-x86_64, r-patched-linux-x86_64, r-release-linux-x86_64, r-release-macos-arm64, r-release-macos-x86_64, r-release-windows-x86_64, r-oldrel-macos-arm64, r-oldrel-macos-x86_64, r-oldrel-windows-x86_64