Last updated on 2024-04-26 18:55:12 CEST.
Flavor | Version | Tinstall | Tcheck | Ttotal | Status | Flags |
---|---|---|---|---|---|---|
r-devel-linux-x86_64-debian-clang | 1.0.1 | 1.57 | 20.98 | 22.55 | NOTE | |
r-devel-linux-x86_64-debian-gcc | 1.0.1 | 1.56 | 16.17 | 17.73 | NOTE | |
r-devel-linux-x86_64-fedora-clang | 1.0.1 | 29.57 | NOTE | |||
r-devel-linux-x86_64-fedora-gcc | 1.0.1 | 28.03 | NOTE | |||
r-devel-windows-x86_64 | 1.0.1 | 3.00 | 38.00 | 41.00 | NOTE | |
r-patched-linux-x86_64 | 1.0.1 | 2.15 | 19.93 | 22.08 | NOTE | |
r-release-linux-x86_64 | 1.0.1 | 1.64 | 19.80 | 21.44 | NOTE | |
r-release-macos-arm64 | 1.0.1 | 14.00 | NOTE | |||
r-release-windows-x86_64 | 1.0.1 | 2.00 | 38.00 | 40.00 | NOTE | |
r-oldrel-macos-arm64 | 1.0.1 | 17.00 | NOTE | |||
r-oldrel-macos-x86_64 | 1.0.1 | 20.00 | NOTE | |||
r-oldrel-windows-x86_64 | 1.0.1 | 3.00 | 36.00 | 39.00 | NOTE |
Version: 1.0.1
Check: LazyData
Result: NOTE
'LazyData' is specified without a 'data' directory
Flavors: r-devel-linux-x86_64-debian-clang, r-devel-linux-x86_64-debian-gcc, r-devel-linux-x86_64-fedora-clang, r-devel-linux-x86_64-fedora-gcc, r-devel-windows-x86_64, r-patched-linux-x86_64, r-release-linux-x86_64, r-release-macos-arm64, r-release-windows-x86_64, r-oldrel-macos-arm64, r-oldrel-macos-x86_64, r-oldrel-windows-x86_64