Last updated on 2025-11-19 17:48:47 CET.
| Flavor | Version | Tinstall | Tcheck | Ttotal | Status | Flags |
|---|---|---|---|---|---|---|
| r-devel-linux-x86_64-debian-clang | 1.1.1 | 17.34 | 134.13 | 151.47 | OK | |
| r-devel-linux-x86_64-debian-gcc | 1.1.1 | 11.00 | 94.28 | 105.28 | OK | |
| r-devel-linux-x86_64-fedora-clang | 1.1.1 | 68.00 | 178.76 | 246.76 | OK | |
| r-devel-linux-x86_64-fedora-gcc | 1.1.1 | 68.00 | 161.71 | 229.71 | OK | |
| r-devel-windows-x86_64 | 1.0.0 | 20.00 | 120.00 | 140.00 | OK | |
| r-patched-linux-x86_64 | 1.0.0 | 15.42 | 118.22 | 133.64 | OK | |
| r-release-linux-x86_64 | 1.0.0 | 15.77 | 119.69 | 135.46 | OK | |
| r-release-macos-arm64 | 1.0.0 | 7.00 | 27.00 | 34.00 | OK | |
| r-release-macos-x86_64 | 1.1.1 | 18.00 | 116.00 | 134.00 | OK | |
| r-release-windows-x86_64 | 1.0.0 | 17.00 | 120.00 | 137.00 | OK | |
| r-oldrel-macos-arm64 | 1.1.1 | 4.00 | 34.00 | 38.00 | NOTE | |
| r-oldrel-macos-x86_64 | 1.1.1 | 17.00 | 127.00 | 144.00 | NOTE | |
| r-oldrel-windows-x86_64 | 1.0.0 | 23.00 | 156.00 | 179.00 | OK |
Version: 1.1.1
Check: package dependencies
Result: NOTE
Package suggested but not available for checking: ‘INLA’
Flavors: r-oldrel-macos-arm64, r-oldrel-macos-x86_64