Last updated on 2025-11-04 05:51:20 CET.
| Flavor | Version | Tinstall | Tcheck | Ttotal | Status | Flags | 
|---|---|---|---|---|---|---|
| r-devel-linux-x86_64-debian-clang | 1.1.0.1 | 8.61 | 169.53 | 178.14 | NOTE | |
| r-devel-linux-x86_64-debian-gcc | 1.1.0.1 | 6.46 | 109.74 | 116.20 | NOTE | |
| r-devel-linux-x86_64-fedora-clang | 1.1.0.1 | 18.00 | 252.07 | 270.07 | OK | |
| r-devel-linux-x86_64-fedora-gcc | 1.1.0.1 | 17.00 | 258.08 | 275.08 | OK | |
| r-devel-windows-x86_64 | 1.1.0.1 | 10.00 | 150.00 | 160.00 | OK | |
| r-patched-linux-x86_64 | 1.1.0.1 | 10.31 | 160.68 | 170.99 | OK | |
| r-release-linux-x86_64 | 1.1.0.1 | 7.40 | 163.28 | 170.68 | OK | |
| r-release-macos-arm64 | 1.1.0.1 | 4.00 | 71.00 | 75.00 | OK | |
| r-release-macos-x86_64 | 1.1.0.1 | 8.00 | 130.00 | 138.00 | OK | |
| r-release-windows-x86_64 | 1.1.0.1 | 11.00 | 146.00 | 157.00 | OK | |
| r-oldrel-macos-arm64 | 1.1.0.1 | 3.00 | 60.00 | 63.00 | NOTE | |
| r-oldrel-macos-x86_64 | 1.1.0.1 | 6.00 | 121.00 | 127.00 | NOTE | |
| r-oldrel-windows-x86_64 | 1.1.0.1 | 16.00 | 203.00 | 219.00 | NOTE | 
Version: 1.1.0.1
Check: CRAN incoming feasibility
Result: NOTE
  Maintainer: ‘Zeynel Cebeci <zcebeci@cukurova.edu.tr>’
  
  Package CITATION file contains call(s) to old-style citEntry().  Please
  use bibentry() instead.
Flavors: r-devel-linux-x86_64-debian-clang, r-devel-linux-x86_64-debian-gcc
Version: 1.1.0.1
Check: installed package size
Result: NOTE
    installed size is  6.7Mb
    sub-directories of 1Mb or more:
      doc   6.2Mb
Flavors: r-oldrel-macos-arm64, r-oldrel-macos-x86_64, r-oldrel-windows-x86_64