Last updated on 2024-05-21 06:59:35 CEST.
Flavor | Version | Tinstall | Tcheck | Ttotal | Status | Flags |
---|---|---|---|---|---|---|
r-devel-linux-x86_64-debian-clang | 1.1 | 38.80 | 38.10 | 76.90 | NOTE | |
r-devel-linux-x86_64-debian-gcc | 1.1 | 24.34 | 28.72 | 53.06 | NOTE | |
r-devel-linux-x86_64-fedora-clang | 1.1 | 100.33 | NOTE | |||
r-devel-linux-x86_64-fedora-gcc | 1.1 | 102.55 | NOTE | |||
r-devel-windows-x86_64 | 1.1 | 30.00 | 70.00 | 100.00 | NOTE | |
r-patched-linux-x86_64 | 1.1 | 34.50 | 37.17 | 71.67 | NOTE | |
r-release-linux-x86_64 | 1.1 | 35.35 | 35.84 | 71.19 | NOTE | |
r-release-macos-arm64 | 1.1 | 27.00 | NOTE | |||
r-release-windows-x86_64 | 1.1 | 29.00 | 72.00 | 101.00 | NOTE | |
r-oldrel-macos-arm64 | 1.1 | 28.00 | NOTE | |||
r-oldrel-macos-x86_64 | 1.1 | 45.00 | NOTE | |||
r-oldrel-windows-x86_64 | 1.1 | 34.00 | 78.00 | 112.00 | NOTE |
Version: 1.1
Check: C++ specification
Result: NOTE
Specified C++11: please drop specification unless essential
Flavors: r-devel-linux-x86_64-debian-clang, r-devel-linux-x86_64-debian-gcc, r-devel-linux-x86_64-fedora-clang, r-devel-linux-x86_64-fedora-gcc, r-devel-windows-x86_64, r-patched-linux-x86_64, r-release-linux-x86_64, r-release-macos-arm64, r-release-windows-x86_64, r-oldrel-macos-arm64, r-oldrel-macos-x86_64, r-oldrel-windows-x86_64