Last updated on 2025-05-06 06:50:03 CEST.
Flavor | Version | Tinstall | Tcheck | Ttotal | Status | Flags |
---|---|---|---|---|---|---|
r-devel-linux-x86_64-debian-clang | 1.1.8 | 19.71 | 124.76 | 144.47 | OK | |
r-devel-linux-x86_64-debian-gcc | 1.1.8 | 13.31 | 96.54 | 109.85 | WARN | |
r-devel-linux-x86_64-fedora-clang | 1.1.8 | 137.73 | OK | |||
r-devel-linux-x86_64-fedora-gcc | 1.1.8 | 161.62 | WARN | |||
r-devel-windows-x86_64 | 1.1.8 | 25.00 | 153.00 | 178.00 | WARN | |
r-patched-linux-x86_64 | 1.1.8 | 19.11 | 117.62 | 136.73 | OK | |
r-release-linux-x86_64 | 1.1.8 | 18.94 | 118.44 | 137.38 | OK | |
r-release-macos-arm64 | 1.1.8 | 76.00 | OK | |||
r-release-macos-x86_64 | 1.1.8 | 139.00 | OK | |||
r-release-windows-x86_64 | 1.1.8 | 26.00 | 153.00 | 179.00 | OK | |
r-oldrel-macos-arm64 | 1.1.8 | 80.00 | OK | |||
r-oldrel-macos-x86_64 | 1.1.8 | 112.00 | OK | |||
r-oldrel-windows-x86_64 | 1.1.8 | 29.00 | 187.00 | 216.00 | OK |
Version: 1.1.8
Check: whether package can be installed
Result: WARN
Found the following significant warnings:
perfmeas.cpp:41:25: warning: array subscript 4294967295 is outside array bounds of ‘float [2147483647]’ [-Warray-bounds=]
See ‘/home/hornik/tmp/R.check/r-devel-gcc/Work/PKGS/prcbench.Rcheck/00install.out’ for details.
* used C++ compiler: ‘g++-14 (Debian 14.2.0-19) 14.2.0’
Flavor: r-devel-linux-x86_64-debian-gcc
Version: 1.1.8
Check: whether package can be installed
Result: WARN
Found the following significant warnings:
perfmeas.cpp:41:25: warning: array subscript 4294967295 is outside array bounds of 'float [2147483647]' [-Warray-bounds=]
See ‘/data/gannet/ripley/R/packages/tests-devel/prcbench.Rcheck/00install.out’ for details.
* used C++ compiler: ‘g++-15 (GCC) 15.1.0’
Flavor: r-devel-linux-x86_64-fedora-gcc
Version: 1.1.8
Check: whether package can be installed
Result: WARN
Found the following significant warnings:
perfmeas.cpp:41:25: warning: array subscript 4294967295 is outside array bounds of 'float [2147483647]' [-Warray-bounds=]
See 'd:/Rcompile/CRANpkg/local/4.6/prcbench.Rcheck/00install.out' for details.
* used C++ compiler: 'g++.exe (GCC) 14.2.0'
Flavor: r-devel-windows-x86_64