Last updated on 2024-07-23 18:59:07 CEST.
Flavor | Version | Tinstall | Tcheck | Ttotal | Status | Flags |
---|---|---|---|---|---|---|
r-devel-linux-x86_64-debian-clang | 0.1-11 | 34.84 | 273.06 | 307.90 | OK | |
r-devel-linux-x86_64-debian-gcc | 0.1-11 | 25.35 | 197.54 | 222.89 | NOTE | |
r-devel-linux-x86_64-fedora-clang | 0.1-11 | 373.03 | NOTE | |||
r-devel-linux-x86_64-fedora-gcc | 0.1-11 | 376.96 | OK | |||
r-devel-windows-x86_64 | 0.1-11 | 27.00 | 170.00 | 197.00 | NOTE | |
r-patched-linux-x86_64 | 0.1-11 | 34.53 | 257.32 | 291.85 | OK | |
r-release-linux-x86_64 | 0.1-11 | 29.76 | 259.43 | 289.19 | OK | |
r-release-macos-arm64 | 0.1-11 | 87.00 | NOTE | |||
r-release-macos-x86_64 | 0.1-11 | 150.00 | NOTE | |||
r-release-windows-x86_64 | 0.1-11 | 28.00 | 168.00 | 196.00 | OK | |
r-oldrel-macos-arm64 | 0.1-11 | 88.00 | OK | |||
r-oldrel-macos-x86_64 | 0.1-11 | 284.00 | NOTE | |||
r-oldrel-windows-x86_64 | 0.1-11 | 37.00 | 213.00 | 250.00 | OK |
Version: 0.1-11
Check: Rd cross-references
Result: NOTE
Found the following Rd file(s) with Rd \link{} targets missing package
anchors:
mess.Rd: writeRaster
Please provide package anchors for all Rd \link{} targets not in the
package itself and the base packages.
Flavors: r-devel-linux-x86_64-debian-gcc, r-devel-windows-x86_64
Version: 0.1-11
Check: installed package size
Result: NOTE
installed size is 5.0Mb
sub-directories of 1Mb or more:
R 3.6Mb
Flavors: r-devel-linux-x86_64-fedora-clang, r-release-macos-arm64, r-release-macos-x86_64, r-oldrel-macos-x86_64
Version: 0.1-11
Check: Rd cross-references
Result: NOTE
Undeclared package ‘raster’ in Rd xrefs
Flavor: r-devel-linux-x86_64-fedora-clang