Last updated on 2025-05-19 18:50:35 CEST.
Flavor | Version | Tinstall | Tcheck | Ttotal | Status | Flags |
---|---|---|---|---|---|---|
r-devel-linux-x86_64-debian-clang | 0.0.1 | 8.71 | 38.80 | 47.51 | OK | |
r-devel-linux-x86_64-debian-gcc | 0.0.1 | 7.10 | 30.86 | 37.96 | OK | |
r-devel-linux-x86_64-fedora-clang | 0.0.1 | 70.71 | OK | |||
r-devel-linux-x86_64-fedora-gcc | 0.0.1 | 66.41 | OK | |||
r-devel-windows-x86_64 | 0.0.1 | 10.00 | 67.00 | 77.00 | OK | |
r-patched-linux-x86_64 | 0.0.1 | 7.71 | 35.82 | 43.53 | OK | |
r-release-linux-x86_64 | 0.0.1 | 7.51 | 35.74 | 43.25 | OK | |
r-release-macos-arm64 | 0.0.1 | 31.00 | OK | |||
r-release-macos-x86_64 | 0.0.1 | 49.00 | OK | |||
r-release-windows-x86_64 | 0.0.1 | 10.00 | 62.00 | 72.00 | OK | |
r-oldrel-macos-arm64 | 0.0.1 | 29.00 | OK | |||
r-oldrel-macos-x86_64 | 0.0.1 | 42.00 | NOTE | |||
r-oldrel-windows-x86_64 | 0.0.1 | 13.00 | 67.00 | 80.00 | OK |
Version: 0.0.1
Check: installed package size
Result: NOTE
installed size is 5.0Mb
sub-directories of 1Mb or more:
data 4.9Mb
Flavor: r-oldrel-macos-x86_64