Last updated on 2024-03-28 06:01:34 CET.
Flavor | Version | Tinstall | Tcheck | Ttotal | Status | Flags |
---|---|---|---|---|---|---|
r-devel-linux-x86_64-debian-clang | 1.0.21 | 4.41 | 65.39 | 69.80 | NOTE | |
r-devel-linux-x86_64-debian-gcc | 1.0.21 | 2.26 | 48.29 | 50.55 | NOTE | |
r-devel-linux-x86_64-fedora-clang | 1.0.21 | 86.28 | NOTE | |||
r-devel-linux-x86_64-fedora-gcc | 1.0.21 | 97.17 | NOTE | |||
r-devel-windows-x86_64 | 1.0.21 | 4.00 | 130.00 | 134.00 | NOTE | |
r-patched-linux-x86_64 | 1.0.21 | 3.35 | 56.74 | 60.09 | OK | |
r-release-linux-x86_64 | 1.0.21 | 2.98 | 58.29 | 61.27 | OK | |
r-release-macos-arm64 | 1.0.21 | 39.00 | OK | |||
r-release-macos-x86_64 | 1.0.21 | 62.00 | OK | |||
r-release-windows-x86_64 | 1.0.21 | 5.00 | 136.00 | 141.00 | OK | |
r-oldrel-macos-arm64 | 1.0.21 | 39.00 | OK | |||
r-oldrel-windows-x86_64 | 1.0.21 | 5.00 | 143.00 | 148.00 | OK |
Version: 1.0.21
Check: Rd files
Result: NOTE
checkRd: (-1) prim.box.Rd:66: Lost braces in \itemize; meant \describe ?
checkRd: (-1) prim.box.Rd:68: Lost braces in \itemize; meant \describe ?
checkRd: (-1) prim.box.Rd:70: Lost braces in \itemize; meant \describe ?
Flavors: r-devel-linux-x86_64-debian-clang, r-devel-linux-x86_64-debian-gcc, r-devel-linux-x86_64-fedora-clang, r-devel-linux-x86_64-fedora-gcc, r-devel-windows-x86_64