Last updated on 2024-03-28 06:01:34 CET.
Flavor | Version | Tinstall | Tcheck | Ttotal | Status | Flags |
---|---|---|---|---|---|---|
r-devel-linux-x86_64-debian-clang | 0.3.1 | 11.36 | 177.81 | 189.17 | OK | |
r-devel-linux-x86_64-debian-gcc | 0.3.1 | 8.77 | 130.14 | 138.91 | OK | |
r-devel-linux-x86_64-fedora-clang | 0.3.1 | 221.86 | NOTE | |||
r-devel-linux-x86_64-fedora-gcc | 0.3.1 | 234.10 | OK | |||
r-devel-windows-x86_64 | 0.3.1 | 10.00 | 134.00 | 144.00 | OK | |
r-patched-linux-x86_64 | 0.3.1 | 8.32 | 169.82 | 178.14 | OK | |
r-release-linux-x86_64 | 0.3.1 | 10.93 | 172.58 | 183.51 | OK | |
r-release-macos-arm64 | 0.3.1 | 72.00 | OK | |||
r-release-macos-x86_64 | 0.3.1 | 205.00 | OK | |||
r-release-windows-x86_64 | 0.3.1 | 12.00 | 168.00 | 180.00 | OK | |
r-oldrel-macos-arm64 | 0.3.1 | 63.00 | OK | |||
r-oldrel-windows-x86_64 | 0.3.1 | 12.00 | 170.00 | 182.00 | OK |
Version: 0.3.1
Check: Rd cross-references
Result: NOTE
Undeclared package ‘mvtnorm’ in Rd xrefs
Flavor: r-devel-linux-x86_64-fedora-clang